CRAN Package Check Results for Package SEERaBomb

Last updated on 2020-02-15 01:01:39 CET.

Flavor Version Tinstall Tcheck Ttotal Status Flags
r-devel-linux-x86_64-debian-clang 2019.2 34.92 151.30 186.22 OK
r-devel-linux-x86_64-debian-gcc 2019.2 28.63 115.03 143.66 OK
r-devel-linux-x86_64-fedora-clang 2019.2 232.40 OK
r-devel-linux-x86_64-fedora-gcc 2019.2 227.20 OK
r-devel-windows-ix86+x86_64 2019.2 84.00 238.00 322.00 OK
r-devel-windows-ix86+x86_64-gcc8 2019.2 124.00 347.00 471.00 OK
r-patched-linux-x86_64 2019.2 29.19 126.88 156.07 OK
r-patched-solaris-x86 2019.2 296.00 OK
r-release-linux-x86_64 2019.2 29.71 128.38 158.09 OK
r-release-windows-ix86+x86_64 2019.2 83.00 212.00 295.00 OK
r-release-osx-x86_64 2019.2 WARN
r-oldrel-windows-ix86+x86_64 2019.2 51.00 188.00 239.00 OK
r-oldrel-osx-x86_64 2019.2 WARN

Check Details

Version: 2019.2
Check: whether package can be installed
Result: WARN
    Found the following significant warnings:
     Warning: 'rgl_init' failed, running with rgl.useNULL = TRUE
Flavors: r-release-osx-x86_64, r-oldrel-osx-x86_64

Version: 2019.2
Check: dependencies in R code
Result: NOTE
    No protocol specified
Flavors: r-release-osx-x86_64, r-oldrel-osx-x86_64

Version: 2019.2
Check: S3 generic/method consistency
Result: WARN
    No protocol specified
    See section ‘Generic functions and methods’ in the ‘Writing R
    Extensions’ manual.
Flavors: r-release-osx-x86_64, r-oldrel-osx-x86_64

Version: 2019.2
Check: replacement functions
Result: WARN
    No protocol specified
    The argument of a replacement function which corresponds to the right
    hand side must be named ‘value’.
Flavors: r-release-osx-x86_64, r-oldrel-osx-x86_64

Version: 2019.2
Check: foreign function calls
Result: NOTE
    No protocol specified
    See chapter ‘System and foreign language interfaces’ in the ‘Writing R
    Extensions’ manual.
Flavors: r-release-osx-x86_64, r-oldrel-osx-x86_64

Version: 2019.2
Check: R code for possible problems
Result: NOTE
    No protocol specified
Flavors: r-release-osx-x86_64, r-oldrel-osx-x86_64

Version: 2019.2
Check: for missing documentation entries
Result: WARN
    No protocol specified
    All user-level objects in a package should have documentation entries.
    See chapter ‘Writing R documentation files’ in the ‘Writing R
    Extensions’ manual.
Flavors: r-release-osx-x86_64, r-oldrel-osx-x86_64

Version: 2019.2
Check: for code/documentation mismatches
Result: WARN
    No protocol specified
    No protocol specified
    No protocol specified
Flavors: r-release-osx-x86_64, r-oldrel-osx-x86_64

Version: 2019.2
Check: Rd \usage sections
Result: NOTE
    No protocol specified
    The \usage entries for S3 methods should use the \method markup and not
    their full name.
    See chapter ‘Writing R documentation files’ in the ‘Writing R
    Extensions’ manual.
Flavors: r-release-osx-x86_64, r-oldrel-osx-x86_64