Last updated on 2020-02-15 01:01:40 CET.
Flavor | Version | Tinstall | Tcheck | Ttotal | Status | Flags |
---|---|---|---|---|---|---|
r-devel-linux-x86_64-debian-clang | 1.3.2 | 13.56 | 115.11 | 128.67 | WARN | |
r-devel-linux-x86_64-debian-gcc | 1.3.2 | 12.11 | 87.28 | 99.39 | WARN | |
r-devel-linux-x86_64-fedora-clang | 1.3.2 | 151.46 | WARN | |||
r-devel-linux-x86_64-fedora-gcc | 1.3.2 | 159.65 | WARN | |||
r-devel-windows-ix86+x86_64 | 1.3.2 | 26.00 | 130.00 | 156.00 | OK | |
r-devel-windows-ix86+x86_64-gcc8 | 1.3.2 | 41.00 | 165.00 | 206.00 | OK | |
r-patched-linux-x86_64 | 1.3.2 | 12.41 | 98.82 | 111.23 | WARN | |
r-patched-solaris-x86 | 1.3.2 | 202.70 | WARN | |||
r-release-linux-x86_64 | 1.3.2 | 12.56 | 100.47 | 113.03 | OK | |
r-release-windows-ix86+x86_64 | 1.3.2 | 19.00 | 110.00 | 129.00 | OK | |
r-release-osx-x86_64 | 1.3.2 | OK | ||||
r-oldrel-windows-ix86+x86_64 | 1.3.2 | 14.00 | 157.00 | 171.00 | OK | |
r-oldrel-osx-x86_64 | 1.3.2 | OK |
Version: 1.3.2
Check: Rd \usage sections
Result: WARN
Documented arguments not in \usage in documentation object 'ker.eq':
'...'
Functions with \usage entries need to have the appropriate \alias
entries, and all their arguments documented.
The \usage entries must correspond to syntactically valid R code.
See chapter 'Writing R documentation files' in the 'Writing R
Extensions' manual.
Flavors: r-devel-linux-x86_64-debian-clang, r-devel-linux-x86_64-debian-gcc, r-devel-linux-x86_64-fedora-clang, r-devel-linux-x86_64-fedora-gcc, r-patched-linux-x86_64, r-patched-solaris-x86