Last updated on 2020-02-15 01:01:39 CET.
Flavor | Version | Tinstall | Tcheck | Ttotal | Status | Flags |
---|---|---|---|---|---|---|
r-devel-linux-x86_64-debian-clang | 0.1.0 | 7.89 | 58.01 | 65.90 | OK | |
r-devel-linux-x86_64-debian-gcc | 0.1.0 | 6.34 | 43.36 | 49.70 | OK | |
r-devel-linux-x86_64-fedora-clang | 0.1.0 | 57.08 | NOTE | |||
r-devel-linux-x86_64-fedora-gcc | 0.1.0 | 56.16 | NOTE | |||
r-devel-windows-ix86+x86_64 | 0.1.0 | 15.00 | 69.00 | 84.00 | OK | |
r-devel-windows-ix86+x86_64-gcc8 | 0.1.0 | 21.00 | 88.00 | 109.00 | OK | |
r-patched-linux-x86_64 | 0.1.0 | 7.03 | 52.85 | 59.88 | OK | |
r-patched-solaris-x86 | 0.1.0 | 82.80 | NOTE | |||
r-release-linux-x86_64 | 0.1.0 | 5.34 | 51.27 | 56.61 | OK | |
r-release-windows-ix86+x86_64 | 0.1.0 | 13.00 | 58.00 | 71.00 | OK | |
r-release-osx-x86_64 | 0.1.0 | NOTE | ||||
r-oldrel-windows-ix86+x86_64 | 0.1.0 | 8.00 | 64.00 | 72.00 | OK | |
r-oldrel-osx-x86_64 | 0.1.0 | NOTE |
Version: 0.1.0
Check: dependencies in R code
Result: NOTE
Namespaces in Imports field not imported from:
‘purrr’ ‘tidyr’
All declared Imports should be used.
Flavors: r-devel-linux-x86_64-fedora-clang, r-devel-linux-x86_64-fedora-gcc, r-patched-solaris-x86, r-release-osx-x86_64, r-oldrel-osx-x86_64