CRAN Package Check Results for Package SeqNet

Last updated on 2020-02-15 01:01:40 CET.

Flavor Version Tinstall Tcheck Ttotal Status Flags
r-devel-linux-x86_64-debian-clang 1.1.0 58.63 58.52 117.15 OK
r-devel-linux-x86_64-debian-gcc 1.1.0 34.90 45.99 80.89 OK
r-devel-linux-x86_64-fedora-clang 1.1.0 152.94 NOTE
r-devel-linux-x86_64-fedora-gcc 1.1.0 143.71 NOTE
r-devel-windows-ix86+x86_64 1.1.0 114.00 113.00 227.00 NOTE
r-devel-windows-ix86+x86_64-gcc8 1.1.0 128.00 141.00 269.00 NOTE
r-patched-linux-x86_64 1.1.0 38.62 52.49 91.11 OK
r-patched-solaris-x86 1.1.0 147.40 NOTE
r-release-linux-x86_64 1.1.0 41.70 52.67 94.37 OK
r-release-windows-ix86+x86_64 1.1.0 98.00 102.00 200.00 NOTE
r-release-osx-x86_64 1.1.0 NOTE
r-oldrel-windows-ix86+x86_64 1.0.0 79.00 122.00 201.00 NOTE
r-oldrel-osx-x86_64 1.1.0 ERROR

Check Details

Version: 1.1.0
Check: installed package size
Result: NOTE
     installed size is 8.2Mb
     sub-directories of 1Mb or more:
     data 6.9Mb
Flavors: r-devel-linux-x86_64-fedora-clang, r-devel-windows-ix86+x86_64, r-devel-windows-ix86+x86_64-gcc8, r-patched-solaris-x86, r-release-windows-ix86+x86_64, r-release-osx-x86_64

Version: 1.1.0
Check: dependencies in R code
Result: NOTE
    Namespace in Imports field not imported from: ‘RColorBrewer’
     All declared Imports should be used.
Flavors: r-devel-linux-x86_64-fedora-clang, r-devel-linux-x86_64-fedora-gcc, r-patched-solaris-x86, r-release-osx-x86_64

Version: 1.0.0
Check: installed package size
Result: NOTE
     installed size is 8.8Mb
     sub-directories of 1Mb or more:
     data 6.9Mb
     libs 1.5Mb
Flavor: r-oldrel-windows-ix86+x86_64

Version: 1.1.0
Check: whether package can be installed
Result: ERROR
    Installation failed.
Flavor: r-oldrel-osx-x86_64