CRAN Package Check Results for Package SimCorrMix

Last updated on 2020-02-15 01:01:40 CET.

Flavor Version Tinstall Tcheck Ttotal Status Flags
r-devel-linux-x86_64-debian-clang 0.1.1 19.35 220.63 239.98 OK
r-devel-linux-x86_64-debian-gcc 0.1.1 16.15 167.95 184.10 OK
r-devel-linux-x86_64-fedora-clang 0.1.1 268.27 NOTE
r-devel-linux-x86_64-fedora-gcc 0.1.1 277.50 NOTE
r-devel-windows-ix86+x86_64 0.1.1 36.00 235.00 271.00 OK
r-devel-windows-ix86+x86_64-gcc8 0.1.1 43.00 299.00 342.00 OK
r-patched-linux-x86_64 0.1.1 16.10 189.40 205.50 OK
r-patched-solaris-x86 0.1.1 319.10 NOTE
r-release-linux-x86_64 0.1.1 13.94 190.28 204.22 OK
r-release-windows-ix86+x86_64 0.1.1 28.00 199.00 227.00 OK
r-release-osx-x86_64 0.1.1 NOTE
r-oldrel-windows-ix86+x86_64 0.1.1 20.00 181.00 201.00 OK
r-oldrel-osx-x86_64 0.1.1 NOTE

Check Details

Version: 0.1.1
Check: dependencies in R code
Result: NOTE
    Namespaces in Imports field not imported from:
     ‘MASS’ ‘grid’
     All declared Imports should be used.
Flavors: r-devel-linux-x86_64-fedora-clang, r-devel-linux-x86_64-fedora-gcc, r-patched-solaris-x86, r-release-osx-x86_64, r-oldrel-osx-x86_64