CRAN Package Check Results for Package SparseFactorAnalysis

Last updated on 2020-02-15 01:01:41 CET.

Flavor Version Tinstall Tcheck Ttotal Status Flags
r-devel-linux-x86_64-debian-clang 1.0 60.36 55.94 116.30 OK
r-devel-linux-x86_64-debian-gcc 1.0 42.79 43.75 86.54 OK
r-devel-linux-x86_64-fedora-clang 1.0 157.10 NOTE
r-devel-linux-x86_64-fedora-gcc 1.0 150.98 NOTE
r-devel-windows-ix86+x86_64 1.0 125.00 101.00 226.00 OK
r-devel-windows-ix86+x86_64-gcc8 1.0 143.00 132.00 275.00 OK
r-patched-linux-x86_64 1.0 49.49 47.71 97.20 OK
r-patched-solaris-x86 1.0 160.60 OK
r-release-linux-x86_64 1.0 47.44 47.66 95.10 OK
r-release-windows-ix86+x86_64 1.0 108.00 83.00 191.00 OK
r-release-osx-x86_64 1.0 OK
r-oldrel-windows-ix86+x86_64 1.0 97.00 81.00 178.00 OK
r-oldrel-osx-x86_64 1.0 OK

Check Details

Version: 1.0
Check: compiled code
Result: NOTE
    File ‘SparseFactorAnalysis/libs/SparseFactorAnalysis.so’:
     Found no calls to: ‘R_registerRoutines’, ‘R_useDynamicSymbols’
    
    It is good practice to register native routines and to disable symbol
    search.
    
    See ‘Writing portable packages’ in the ‘Writing R Extensions’ manual.
Flavors: r-devel-linux-x86_64-fedora-clang, r-devel-linux-x86_64-fedora-gcc