Last updated on 2020-02-15 01:01:42 CET.
Flavor | Version | Tinstall | Tcheck | Ttotal | Status | Flags |
---|---|---|---|---|---|---|
r-devel-linux-x86_64-debian-clang | 0.1.3 | 30.02 | 279.42 | 309.44 | OK | |
r-devel-linux-x86_64-debian-gcc | 0.1.3 | 27.25 | 205.51 | 232.76 | OK | |
r-devel-linux-x86_64-fedora-clang | 0.1.3 | 362.81 | NOTE | |||
r-devel-linux-x86_64-fedora-gcc | 0.1.3 | 358.51 | NOTE | |||
r-devel-windows-ix86+x86_64 | 0.1.3 | 55.00 | 265.00 | 320.00 | OK | |
r-devel-windows-ix86+x86_64-gcc8 | 0.1.2 | 52.00 | 336.00 | 388.00 | OK | |
r-patched-linux-x86_64 | 0.1.3 | 25.66 | 245.57 | 271.23 | OK | |
r-patched-solaris-x86 | 0.1.3 | 382.50 | NOTE | |||
r-release-linux-x86_64 | 0.1.3 | 26.54 | 243.03 | 269.57 | OK | |
r-release-windows-ix86+x86_64 | 0.1.3 | 35.00 | 223.00 | 258.00 | OK | |
r-release-osx-x86_64 | 0.1.3 | NOTE | ||||
r-oldrel-windows-ix86+x86_64 | 0.1.3 | 34.00 | 234.00 | 268.00 | OK | |
r-oldrel-osx-x86_64 | 0.1.3 | NOTE |
Version: 0.1.3
Check: dependencies in R code
Result: NOTE
Namespaces in Imports field not imported from:
‘UpSetR’ ‘alluvial’ ‘gridBase’
All declared Imports should be used.
Flavors: r-devel-linux-x86_64-fedora-clang, r-devel-linux-x86_64-fedora-gcc, r-patched-solaris-x86, r-release-osx-x86_64, r-oldrel-osx-x86_64