Last updated on 2020-02-15 01:01:43 CET.
Flavor | Version | Tinstall | Tcheck | Ttotal | Status | Flags |
---|---|---|---|---|---|---|
r-devel-linux-x86_64-debian-clang | 0.2.0 | 32.09 | 93.69 | 125.78 | OK | |
r-devel-linux-x86_64-debian-gcc | 0.2.0 | 22.94 | 74.62 | 97.56 | OK | |
r-devel-linux-x86_64-fedora-clang | 0.2.0 | 158.06 | NOTE | |||
r-devel-linux-x86_64-fedora-gcc | 0.2.0 | 154.34 | NOTE | |||
r-devel-windows-ix86+x86_64 | 0.2.0 | 62.00 | 172.00 | 234.00 | OK | |
r-devel-windows-ix86+x86_64-gcc8 | 0.2.0 | 95.00 | 211.00 | 306.00 | OK | |
r-patched-linux-x86_64 | 0.2.0 | 24.36 | 84.84 | 109.20 | OK | |
r-patched-solaris-x86 | 0.2.0 | 195.90 | NOTE | |||
r-release-linux-x86_64 | 0.2.0 | 26.91 | 83.47 | 110.38 | OK | |
r-release-windows-ix86+x86_64 | 0.2.0 | 55.00 | 145.00 | 200.00 | OK | |
r-release-osx-x86_64 | 0.2.0 | NOTE | ||||
r-oldrel-windows-ix86+x86_64 | 0.2.0 | 55.00 | 148.00 | 203.00 | OK | |
r-oldrel-osx-x86_64 | 0.2.0 | NOTE |
Version: 0.2.0
Check: dependencies in R code
Result: NOTE
Namespace in Imports field not imported from: ‘doParallel’
All declared Imports should be used.
Flavors: r-devel-linux-x86_64-fedora-clang, r-devel-linux-x86_64-fedora-gcc, r-patched-solaris-x86, r-release-osx-x86_64, r-oldrel-osx-x86_64