Last updated on 2020-02-15 01:01:43 CET.
Flavor | Version | Tinstall | Tcheck | Ttotal | Status | Flags |
---|---|---|---|---|---|---|
r-devel-linux-x86_64-debian-clang | 1.6.9 | 120.27 | 85.98 | 206.25 | OK | |
r-devel-linux-x86_64-debian-gcc | 1.6.9 | 98.17 | 66.39 | 164.56 | OK | |
r-devel-linux-x86_64-fedora-clang | 1.6.9 | 269.31 | NOTE | |||
r-devel-linux-x86_64-fedora-gcc | 1.6.9 | 293.72 | NOTE | |||
r-devel-windows-ix86+x86_64 | 1.6.9 | 194.00 | 171.00 | 365.00 | OK | |
r-devel-windows-ix86+x86_64-gcc8 | 1.6.9 | 257.00 | 215.00 | 472.00 | NOTE | |
r-patched-linux-x86_64 | 1.6.9 | 112.93 | 82.18 | 195.11 | OK | |
r-patched-solaris-x86 | 1.6.9 | 261.70 | NOTE | |||
r-release-linux-x86_64 | 1.6.9 | 120.16 | 81.59 | 201.75 | OK | |
r-release-windows-ix86+x86_64 | 1.6.9 | 178.00 | 150.00 | 328.00 | OK | |
r-release-osx-x86_64 | 1.6.9 | NOTE | ||||
r-oldrel-windows-ix86+x86_64 | 1.6.9 | 183.00 | 150.00 | 333.00 | OK | |
r-oldrel-osx-x86_64 | 1.6.9 | NOTE |
Version: 1.6.9
Check: installed package size
Result: NOTE
installed size is 31.8Mb
sub-directories of 1Mb or more:
libs 30.5Mb
Flavors: r-devel-linux-x86_64-fedora-clang, r-devel-windows-ix86+x86_64-gcc8, r-release-osx-x86_64, r-oldrel-osx-x86_64
Version: 1.6.9
Check: dependencies in R code
Result: NOTE
Namespace in Imports field not imported from: ‘scales’
All declared Imports should be used.
Flavors: r-devel-linux-x86_64-fedora-clang, r-devel-linux-x86_64-fedora-gcc, r-patched-solaris-x86, r-release-osx-x86_64, r-oldrel-osx-x86_64