CRAN Package Check Results for Package TMB

Last updated on 2020-02-15 01:01:43 CET.

Flavor Version Tinstall Tcheck Ttotal Status Flags
r-devel-linux-x86_64-debian-clang 1.7.16 73.79 72.16 145.95 OK
r-devel-linux-x86_64-debian-gcc 1.7.16 58.19 57.23 115.42 OK
r-devel-linux-x86_64-fedora-clang 1.7.16 193.24 NOTE
r-devel-linux-x86_64-fedora-gcc 1.7.16 184.41 OK
r-devel-windows-ix86+x86_64 1.7.16 119.00 108.00 227.00 NOTE
r-devel-windows-ix86+x86_64-gcc8 1.7.16 163.00 138.00 301.00 NOTE
r-patched-linux-x86_64 1.7.16 55.93 65.71 121.64 OK
r-patched-solaris-x86 1.7.16 187.00 OK
r-release-linux-x86_64 1.7.16 55.00 64.25 119.25 OK
r-release-windows-ix86+x86_64 1.7.16 104.00 94.00 198.00 NOTE
r-release-osx-x86_64 1.7.16 NOTE
r-oldrel-windows-ix86+x86_64 1.7.16 107.00 169.00 276.00 NOTE
r-oldrel-osx-x86_64 1.7.16 NOTE

Check Details

Version: 1.7.16
Check: installed package size
Result: NOTE
     installed size is 17.7Mb
     sub-directories of 1Mb or more:
     examples 14.2Mb
     include 3.0Mb
Flavors: r-devel-linux-x86_64-fedora-clang, r-devel-windows-ix86+x86_64, r-devel-windows-ix86+x86_64-gcc8, r-release-windows-ix86+x86_64, r-release-osx-x86_64, r-oldrel-windows-ix86+x86_64, r-oldrel-osx-x86_64