CRAN Package Check Results for Package TSP

Last updated on 2020-02-15 01:01:44 CET.

Flavor Version Tinstall Tcheck Ttotal Status Flags
r-devel-linux-x86_64-debian-clang 1.1-8 4.21 42.50 46.71 WARN
r-devel-linux-x86_64-debian-gcc 1.1-8 3.39 33.10 36.49 WARN
r-devel-linux-x86_64-fedora-clang 1.1-8 57.69 WARN
r-devel-linux-x86_64-fedora-gcc 1.1-8 60.52 WARN
r-devel-windows-ix86+x86_64 1.1-8 13.00 80.00 93.00 OK
r-devel-windows-ix86+x86_64-gcc8 1.1-8 17.00 113.00 130.00 OK
r-patched-linux-x86_64 1.1-8 3.79 39.89 43.68 OK
r-patched-solaris-x86 1.1-8 77.40 OK
r-release-linux-x86_64 1.1-8 3.33 39.56 42.89 OK
r-release-windows-ix86+x86_64 1.1-8 12.00 65.00 77.00 OK
r-release-osx-x86_64 1.1-8 OK
r-oldrel-windows-ix86+x86_64 1.1-8 9.00 112.00 121.00 OK
r-oldrel-osx-x86_64 1.1-8 OK

Check Details

Version: 1.1-8
Check: data for non-ASCII characters
Result: WARN
     Error loading dataset 'USCA312_basemap':
     Error in .requirePackage(package) : unable to find required package 'sp'
    
     Error loading dataset 'USCA312_coords':
     Error in .requirePackage(package) : unable to find required package 'sp'
    
     The dataset(s) may use package(s) not declared in Depends/Imports.
Flavors: r-devel-linux-x86_64-debian-clang, r-devel-linux-x86_64-debian-gcc, r-devel-linux-x86_64-fedora-clang, r-devel-linux-x86_64-fedora-gcc