Last updated on 2020-02-15 01:01:43 CET.
Flavor | Version | Tinstall | Tcheck | Ttotal | Status | Flags |
---|---|---|---|---|---|---|
r-devel-linux-x86_64-debian-clang | 1.2.4 | 8.94 | 69.92 | 78.86 | OK | |
r-devel-linux-x86_64-debian-gcc | 1.2.4 | 7.73 | 52.62 | 60.35 | OK | |
r-devel-linux-x86_64-fedora-clang | 1.2.4 | 91.97 | OK | |||
r-devel-linux-x86_64-fedora-gcc | 1.2.4 | 90.39 | OK | |||
r-devel-windows-ix86+x86_64 | 1.2.4 | 23.00 | 95.00 | 118.00 | OK | |
r-devel-windows-ix86+x86_64-gcc8 | 1.2.4 | 36.00 | 139.00 | 175.00 | OK | |
r-patched-linux-x86_64 | 1.2.4 | 7.57 | 60.88 | 68.45 | OK | |
r-patched-solaris-x86 | 1.2.4 | 123.80 | OK | |||
r-release-linux-x86_64 | 1.2.4 | 7.67 | 61.87 | 69.54 | OK | |
r-release-windows-ix86+x86_64 | 1.2.4 | 17.00 | 78.00 | 95.00 | OK | |
r-release-osx-x86_64 | 1.2.4 | WARN | ||||
r-oldrel-windows-ix86+x86_64 | 1.2.4 | 10.00 | 133.00 | 143.00 | OK | |
r-oldrel-osx-x86_64 | 1.2.4 | OK |
Version: 1.2.4
Check: whether package can be installed
Result: WARN
Found the following significant warnings:
Warning: 'rgl_init' failed, running with rgl.useNULL = TRUE
Flavor: r-release-osx-x86_64