Last updated on 2020-02-15 01:01:43 CET.
Flavor | Version | Tinstall | Tcheck | Ttotal | Status | Flags |
---|---|---|---|---|---|---|
r-devel-linux-x86_64-debian-clang | 1.6.2 | 18.81 | 811.87 | 830.68 | WARN | |
r-devel-linux-x86_64-debian-gcc | 1.6.2 | 16.53 | 515.64 | 532.17 | OK | |
r-devel-linux-x86_64-fedora-clang | 1.6.2 | 956.41 | NOTE | |||
r-devel-linux-x86_64-fedora-gcc | 1.6.2 | 832.04 | NOTE | |||
r-devel-windows-ix86+x86_64 | 1.6.2 | 36.00 | 126.00 | 162.00 | OK | --no-vignettes |
r-devel-windows-ix86+x86_64-gcc8 | 1.6.1 | 56.00 | 132.00 | 188.00 | OK | --no-vignettes |
r-patched-linux-x86_64 | 1.6.2 | 16.68 | 654.50 | 671.18 | OK | |
r-patched-solaris-x86 | 1.6.2 | 1445.20 | NOTE | |||
r-release-linux-x86_64 | 1.6.2 | 16.60 | 661.14 | 677.74 | OK | |
r-release-windows-ix86+x86_64 | 1.6.2 | 29.00 | 126.00 | 155.00 | OK | --no-vignettes |
r-release-osx-x86_64 | 1.6.2 | NOTE | ||||
r-oldrel-windows-ix86+x86_64 | 1.6.2 | 20.00 | 163.00 | 183.00 | OK | --no-vignettes |
r-oldrel-osx-x86_64 | 1.6.2 | NOTE |
Version: 1.6.2
Check: re-building of vignette outputs
Result: WARN
Error(s) in re-building vignettes:
...
--- re-building 'Using_TropFishR_ELEFAN_functions.Rmd' using rmarkdown
Killed
--- re-building 'lfqData.Rmd' using rmarkdown
--- finished re-building 'lfqData.Rmd'
--- re-building 'tutorial.Rmd' using rmarkdown
Warning in VPA(param = synLFQ7c, terminalF = synLFQ7c$FM, analysis_type = "CA", :
You did not specify catch_unit. The Method assumes that catch is provided in numbers!
--- finished re-building 'tutorial.Rmd'
SUMMARY: processing the following file failed:
'Using_TropFishR_ELEFAN_functions.Rmd'
Error: Vignette re-building failed.
Execution halted
Flavor: r-devel-linux-x86_64-debian-clang
Version: 1.6.2
Check: dependencies in R code
Result: NOTE
Namespace in Imports field not imported from: ‘Hmisc’
All declared Imports should be used.
Flavors: r-devel-linux-x86_64-fedora-clang, r-devel-linux-x86_64-fedora-gcc, r-patched-solaris-x86, r-release-osx-x86_64, r-oldrel-osx-x86_64