CRAN Package Check Results for Package UKgrid

Last updated on 2020-02-15 01:01:44 CET.

Flavor Version Tinstall Tcheck Ttotal Status Flags
r-devel-linux-x86_64-debian-clang 0.1.2 4.79 70.91 75.70 OK
r-devel-linux-x86_64-debian-gcc 0.1.2 4.31 51.13 55.44 OK
r-devel-linux-x86_64-fedora-clang 0.1.2 92.18 OK
r-devel-linux-x86_64-fedora-gcc 0.1.2 88.42 OK
r-devel-windows-ix86+x86_64 0.1.2 9.00 85.00 94.00 OK
r-devel-windows-ix86+x86_64-gcc8 0.1.2 11.00 103.00 114.00 OK
r-patched-linux-x86_64 0.1.2 4.22 61.94 66.16 OK
r-patched-solaris-x86 0.1.2 97.60 NOTE
r-release-linux-x86_64 0.1.2 4.37 61.02 65.39 OK
r-release-windows-ix86+x86_64 0.1.2 7.00 71.00 78.00 OK
r-release-osx-x86_64 0.1.2 OK
r-oldrel-windows-ix86+x86_64 0.1.2 6.00 75.00 81.00 OK
r-oldrel-osx-x86_64 0.1.2 OK

Check Details

Version: 0.1.2
Check: package dependencies
Result: NOTE
    Package suggested but not available for checking: ‘TSstudio’
Flavor: r-patched-solaris-x86