Last updated on 2020-02-15 01:01:44 CET.
Flavor | Version | Tinstall | Tcheck | Ttotal | Status | Flags |
---|---|---|---|---|---|---|
r-devel-linux-x86_64-debian-clang | 1.0.1 | 3.29 | 29.99 | 33.28 | OK | |
r-devel-linux-x86_64-debian-gcc | 1.0.1 | 2.84 | 23.51 | 26.35 | OK | |
r-devel-linux-x86_64-fedora-clang | 1.0.1 | 40.62 | OK | |||
r-devel-linux-x86_64-fedora-gcc | 1.0.1 | 40.15 | OK | |||
r-devel-windows-ix86+x86_64 | 1.0.1 | 9.00 | 47.00 | 56.00 | NOTE | |
r-devel-windows-ix86+x86_64-gcc8 | 1.0.1 | 11.00 | 56.00 | 67.00 | NOTE | |
r-patched-linux-x86_64 | 1.0.1 | 2.50 | 27.86 | 30.36 | OK | |
r-patched-solaris-x86 | 1.0.1 | 60.60 | OK | |||
r-release-linux-x86_64 | 1.0.1 | 2.94 | 27.42 | 30.36 | OK | |
r-release-windows-ix86+x86_64 | 1.0.1 | 7.00 | 44.00 | 51.00 | NOTE | |
r-release-osx-x86_64 | 1.0.1 | OK | ||||
r-oldrel-windows-ix86+x86_64 | 1.0.1 | 4.00 | 63.00 | 67.00 | NOTE | |
r-oldrel-osx-x86_64 | 1.0.1 | OK |
Version: 1.0.1
Check: DESCRIPTION meta-information
Result: NOTE
BugReports field should not be empty
Flavors: r-devel-windows-ix86+x86_64, r-devel-windows-ix86+x86_64-gcc8, r-release-windows-ix86+x86_64, r-oldrel-windows-ix86+x86_64