Last updated on 2020-02-15 01:01:44 CET.
Flavor | Version | Tinstall | Tcheck | Ttotal | Status | Flags |
---|---|---|---|---|---|---|
r-devel-linux-x86_64-debian-clang | 0.1.2 | 230.48 | 36.51 | 266.99 | WARN | |
r-devel-linux-x86_64-debian-gcc | 0.1.2 | 140.44 | 27.84 | 168.28 | WARN | |
r-devel-linux-x86_64-fedora-clang | 0.1.2 | 364.67 | OK | |||
r-devel-linux-x86_64-fedora-gcc | 0.1.2 | 329.81 | WARN | |||
r-devel-windows-ix86+x86_64 | 0.1.2 | 501.00 | 84.00 | 585.00 | OK | |
r-devel-windows-ix86+x86_64-gcc8 | 0.1.2 | 652.00 | 103.00 | 755.00 | OK | |
r-patched-linux-x86_64 | 0.1.2 | 161.49 | 33.15 | 194.64 | OK | |
r-patched-solaris-x86 | 0.1.2 | 269.80 | OK | |||
r-release-linux-x86_64 | 0.1.2 | 157.13 | 33.09 | 190.22 | OK | |
r-release-windows-ix86+x86_64 | 0.1.2 | 458.00 | 71.00 | 529.00 | OK | |
r-release-osx-x86_64 | 0.1.2 | OK | ||||
r-oldrel-windows-ix86+x86_64 | 0.1.2 | 410.00 | 74.00 | 484.00 | OK | |
r-oldrel-osx-x86_64 | 0.1.2 | OK |
Version: 0.1.2
Check: whether package can be installed
Result: WARN
Found the following significant warnings:
vic/drivers/shared_all/src/compress_files.c:49:5: warning: ignoring return value of function declared with 'warn_unused_result' attribute [-Wunused-result]
vic/drivers/shared_all/src/forcing_utils.c:140:5: warning: ignoring return value of function declared with 'warn_unused_result' attribute [-Wunused-result]
vic/drivers/shared_all/src/forcing_utils.c:161:9: warning: ignoring return value of function declared with 'warn_unused_result' attribute [-Wunused-result]
vic/drivers/shared_all/src/get_parameters.c:43:5: warning: ignoring return value of function declared with 'warn_unused_result' attribute [-Wunused-result]
vic/drivers/shared_all/src/get_parameters.c:51:17: warning: ignoring return value of function declared with 'warn_unused_result' attribute [-Wunused-result]
vic/drivers/shared_all/src/get_parameters.c:540:9: warning: ignoring return value of function declared with 'warn_unused_result' attribute [-Wunused-result]
vic/drivers/shared_all/src/input_tools.c:77:5: warning: ignoring return value of function declared with 'warn_unused_result' attribute [-Wunused-result]
vic/drivers/shared_all/src/input_tools.c:101:9: warning: ignoring return value of function declared with 'warn_unused_result' attribute [-Wunused-result]
vic/drivers/shared_all/src/open_file.c:89:17: warning: ignoring return value of function declared with 'warn_unused_result' attribute [-Wunused-result]
vic/drivers/shared_all/src/open_file.c:98:17: warning: ignoring return value of function declared with 'warn_unused_result' attribute [-Wunused-result]
Flavor: r-devel-linux-x86_64-debian-clang
Version: 0.1.2
Check: whether package can be installed
Result: WARN
Found the following significant warnings:
vic/drivers/shared_all/src/compress_files.c:49:5: warning: ignoring return value of ‘system’, declared with attribute warn_unused_result [-Wunused-result]
vic/drivers/shared_all/src/forcing_utils.c:140:5: warning: ignoring return value of ‘fgets’, declared with attribute warn_unused_result [-Wunused-result]
vic/drivers/shared_all/src/forcing_utils.c:161:9: warning: ignoring return value of ‘fgets’, declared with attribute warn_unused_result [-Wunused-result]
vic/drivers/shared_all/src/get_parameters.c:43:5: warning: ignoring return value of ‘fgets’, declared with attribute warn_unused_result [-Wunused-result]
vic/drivers/shared_all/src/get_parameters.c:51:17: warning: ignoring return value of ‘fgets’, declared with attribute warn_unused_result [-Wunused-result]
vic/drivers/shared_all/src/get_parameters.c:540:9: warning: ignoring return value of ‘fgets’, declared with attribute warn_unused_result [-Wunused-result]
vic/drivers/shared_all/src/input_tools.c:77:5: warning: ignoring return value of ‘fgets’, declared with attribute warn_unused_result [-Wunused-result]
vic/drivers/shared_all/src/input_tools.c:101:9: warning: ignoring return value of ‘fgets’, declared with attribute warn_unused_result [-Wunused-result]
vic/drivers/shared_all/src/open_file.c:89:17: warning: ignoring return value of ‘fgets’, declared with attribute warn_unused_result [-Wunused-result]
vic/drivers/shared_all/src/open_file.c:98:17: warning: ignoring return value of ‘fgets’, declared with attribute warn_unused_result [-Wunused-result]
Flavors: r-devel-linux-x86_64-debian-gcc, r-devel-linux-x86_64-fedora-gcc