CRAN Package Check Results for Package WilcoxCV

Last updated on 2020-02-15 01:01:44 CET.

Flavor Version Tinstall Tcheck Ttotal Status Flags
r-devel-linux-x86_64-debian-clang 1.0-2 2.17 18.18 20.35 NOTE
r-devel-linux-x86_64-debian-gcc 1.0-2 1.64 14.52 16.16 NOTE
r-devel-linux-x86_64-fedora-clang 1.0-2 25.64 NOTE
r-devel-linux-x86_64-fedora-gcc 1.0-2 24.53 NOTE
r-devel-windows-ix86+x86_64 1.0-2 5.00 27.00 32.00 NOTE
r-devel-windows-ix86+x86_64-gcc8 1.0-2 8.00 35.00 43.00 NOTE
r-patched-linux-x86_64 1.0-2 1.42 16.64 18.06 NOTE
r-patched-solaris-x86 1.0-2 36.00 NOTE
r-release-linux-x86_64 1.0-2 1.29 16.66 17.95 NOTE
r-release-windows-ix86+x86_64 1.0-2 5.00 35.00 40.00 NOTE
r-release-osx-x86_64 1.0-2 NOTE
r-oldrel-windows-ix86+x86_64 1.0-2 3.00 26.00 29.00 NOTE
r-oldrel-osx-x86_64 1.0-2 NOTE

Check Details

Version: 1.0-2
Check: R code for possible problems
Result: NOTE
    wilcox.selection.split: no visible global function definition for
     'pnorm'
    wilcox.test2: no visible global function definition for 'wilcox.test'
    Undefined global functions or variables:
     pnorm wilcox.test
    Consider adding
     importFrom("stats", "pnorm", "wilcox.test")
    to your NAMESPACE file.
Flavors: r-devel-linux-x86_64-debian-clang, r-devel-linux-x86_64-debian-gcc, r-devel-linux-x86_64-fedora-clang, r-devel-linux-x86_64-fedora-gcc, r-devel-windows-ix86+x86_64, r-devel-windows-ix86+x86_64-gcc8, r-patched-linux-x86_64, r-patched-solaris-x86, r-release-linux-x86_64, r-release-windows-ix86+x86_64, r-release-osx-x86_64, r-oldrel-windows-ix86+x86_64, r-oldrel-osx-x86_64