Last updated on 2020-02-15 01:01:18 CET.
Flavor | Version | Tinstall | Tcheck | Ttotal | Status | Flags |
---|---|---|---|---|---|---|
r-devel-linux-x86_64-debian-clang | 0.1 | 5.90 | 46.42 | 52.32 | OK | |
r-devel-linux-x86_64-debian-gcc | 0.1 | 4.46 | 35.24 | 39.70 | OK | |
r-devel-linux-x86_64-fedora-clang | 0.1 | 60.71 | NOTE | |||
r-devel-linux-x86_64-fedora-gcc | 0.1 | 59.70 | NOTE | |||
r-devel-windows-ix86+x86_64 | 0.1 | 13.00 | 66.00 | 79.00 | OK | |
r-devel-windows-ix86+x86_64-gcc8 | 0.1 | 20.00 | 80.00 | 100.00 | OK | |
r-patched-linux-x86_64 | 0.1 | 3.43 | 42.09 | 45.52 | OK | |
r-patched-solaris-x86 | 0.1 | 77.90 | NOTE | |||
r-release-linux-x86_64 | 0.1 | 5.42 | 41.39 | 46.81 | OK | |
r-release-windows-ix86+x86_64 | 0.1 | 8.00 | 61.00 | 69.00 | OK | |
r-release-osx-x86_64 | 0.1 | NOTE | ||||
r-oldrel-windows-ix86+x86_64 | 0.1 | 5.00 | 59.00 | 64.00 | OK | |
r-oldrel-osx-x86_64 | 0.1 | NOTE |
Version: 0.1
Check: dependencies in R code
Result: NOTE
Namespaces in Imports field not imported from:
‘devtools’ ‘gridExtra’
All declared Imports should be used.
Flavors: r-devel-linux-x86_64-fedora-clang, r-devel-linux-x86_64-fedora-gcc, r-patched-solaris-x86, r-release-osx-x86_64, r-oldrel-osx-x86_64