Last updated on 2020-02-15 01:01:17 CET.
Flavor | Version | Tinstall | Tcheck | Ttotal | Status | Flags |
---|---|---|---|---|---|---|
r-devel-linux-x86_64-debian-clang | 1.8.1 | 73.40 | 80.16 | 153.56 | OK | |
r-devel-linux-x86_64-debian-gcc | 1.8.1 | 50.26 | 61.95 | 112.21 | OK | |
r-devel-linux-x86_64-fedora-clang | 1.8.1 | 203.45 | NOTE | |||
r-devel-linux-x86_64-fedora-gcc | 1.8.1 | 194.62 | OK | |||
r-devel-windows-ix86+x86_64 | 1.8.1 | 153.00 | 145.00 | 298.00 | OK | |
r-devel-windows-ix86+x86_64-gcc8 | 1.8.1 | 173.00 | 178.00 | 351.00 | NOTE | |
r-patched-linux-x86_64 | 1.8.1 | 57.44 | 71.46 | 128.90 | OK | |
r-patched-solaris-x86 | 1.8.1 | 231.00 | OK | |||
r-release-linux-x86_64 | 1.8.1 | 55.84 | 71.49 | 127.33 | OK | |
r-release-windows-ix86+x86_64 | 1.8.1 | 149.00 | 121.00 | 270.00 | OK | |
r-release-osx-x86_64 | 1.8.1 | NOTE | ||||
r-oldrel-windows-ix86+x86_64 | 1.8.1 | 117.00 | 119.00 | 236.00 | OK | |
r-oldrel-osx-x86_64 | 1.8.1 | OK |
Version: 1.8.1
Check: installed package size
Result: NOTE
installed size is 5.3Mb
sub-directories of 1Mb or more:
data 2.6Mb
libs 2.4Mb
Flavors: r-devel-linux-x86_64-fedora-clang, r-devel-windows-ix86+x86_64-gcc8, r-release-osx-x86_64