CRAN Package Check Results for Package abjutils

Last updated on 2020-02-15 01:01:17 CET.

Flavor Version Tinstall Tcheck Ttotal Status Flags
r-devel-linux-x86_64-debian-clang 0.2.3 3.10 27.07 30.17 NOTE
r-devel-linux-x86_64-debian-gcc 0.2.3 2.29 21.36 23.65 NOTE
r-devel-linux-x86_64-fedora-clang 0.2.3 37.33 NOTE
r-devel-linux-x86_64-fedora-gcc 0.2.3 35.83 NOTE
r-devel-windows-ix86+x86_64 0.2.3 11.00 44.00 55.00 NOTE
r-devel-windows-ix86+x86_64-gcc8 0.2.3 20.00 62.00 82.00 NOTE
r-patched-linux-x86_64 0.2.3 1.98 24.55 26.53 NOTE
r-patched-solaris-x86 0.2.3 53.00 NOTE
r-release-linux-x86_64 0.2.3 2.62 24.74 27.36 NOTE
r-release-windows-ix86+x86_64 0.2.3 6.00 39.00 45.00 NOTE
r-release-osx-x86_64 0.2.3 NOTE
r-oldrel-windows-ix86+x86_64 0.2.3 4.00 42.00 46.00 NOTE
r-oldrel-osx-x86_64 0.2.3 NOTE

Check Details

Version: 0.2.3
Check: dependencies in R code
Result: NOTE
    Missing or unexported object: 'devtools::use_package'
Flavors: r-devel-linux-x86_64-debian-clang, r-devel-linux-x86_64-debian-gcc, r-devel-windows-ix86+x86_64, r-devel-windows-ix86+x86_64-gcc8, r-patched-linux-x86_64, r-release-linux-x86_64, r-release-windows-ix86+x86_64, r-oldrel-windows-ix86+x86_64

Version: 0.2.3
Check: dependencies in R code
Result: NOTE
    Namespaces in Imports field not imported from:
     ‘httr’ ‘progress’
     All declared Imports should be used.
    Missing or unexported object: ‘devtools::use_package’
Flavors: r-devel-linux-x86_64-fedora-clang, r-devel-linux-x86_64-fedora-gcc, r-patched-solaris-x86

Version: 0.2.3
Check: dependencies in R code
Result: NOTE
    Namespaces in Imports field not imported from:
     ‘httr’ ‘progress’
     All declared Imports should be used.
Flavors: r-release-osx-x86_64, r-oldrel-osx-x86_64