CRAN Package Check Results for Package acepack

Last updated on 2020-02-15 01:01:17 CET.

Flavor Version Tinstall Tcheck Ttotal Status Flags
r-devel-linux-x86_64-debian-clang 1.4.1 3.56 19.89 23.45 OK
r-devel-linux-x86_64-debian-gcc 1.4.1 2.83 15.93 18.76 OK
r-devel-linux-x86_64-fedora-clang 1.4.1 30.42 NOTE
r-devel-linux-x86_64-fedora-gcc 1.4.1 29.68 NOTE
r-devel-windows-ix86+x86_64 1.4.1 14.00 45.00 59.00 OK
r-devel-windows-ix86+x86_64-gcc8 1.4.1 20.00 56.00 76.00 OK
r-patched-linux-x86_64 1.4.1 3.22 18.49 21.71 OK
r-patched-solaris-x86 1.4.1 46.70 OK
r-release-linux-x86_64 1.4.1 3.06 18.61 21.67 OK
r-release-windows-ix86+x86_64 1.4.1 14.00 40.00 54.00 OK
r-release-osx-x86_64 1.4.1 OK
r-oldrel-windows-ix86+x86_64 1.4.1 10.00 54.00 64.00 OK
r-oldrel-osx-x86_64 1.4.1 OK

Check Details

Version: 1.4.1
Check: compiled code
Result: NOTE
    File ‘acepack/libs/acepack.so’:
     Found no calls to: ‘R_registerRoutines’, ‘R_useDynamicSymbols’
    
    It is good practice to register native routines and to disable symbol
    search.
    
    See ‘Writing portable packages’ in the ‘Writing R Extensions’ manual.
Flavors: r-devel-linux-x86_64-fedora-clang, r-devel-linux-x86_64-fedora-gcc