Last updated on 2020-02-15 01:01:17 CET.
Flavor | Version | Tinstall | Tcheck | Ttotal | Status | Flags |
---|---|---|---|---|---|---|
r-devel-linux-x86_64-debian-clang | 1.0.1 | 66.97 | 28.52 | 95.49 | OK | |
r-devel-linux-x86_64-debian-gcc | 1.0.1 | 44.92 | 23.76 | 68.68 | OK | |
r-devel-linux-x86_64-fedora-clang | 1.0.1 | 130.55 | NOTE | |||
r-devel-linux-x86_64-fedora-gcc | 1.0.1 | 121.82 | NOTE | |||
r-devel-windows-ix86+x86_64 | 1.0.1 | 119.00 | 67.00 | 186.00 | OK | |
r-devel-windows-ix86+x86_64-gcc8 | 1.0.1 | 172.00 | 95.00 | 267.00 | OK | |
r-patched-linux-x86_64 | 1.0.1 | 51.93 | 27.29 | 79.22 | OK | |
r-patched-solaris-x86 | 1.0.1 | 114.70 | OK | |||
r-release-linux-x86_64 | 1.0.1 | 53.50 | 26.85 | 80.35 | OK | |
r-release-windows-ix86+x86_64 | 1.0.1 | 109.00 | 58.00 | 167.00 | OK | |
r-release-osx-x86_64 | 1.0.1 | NOTE | ||||
r-oldrel-windows-ix86+x86_64 | 1.0.1 | 91.00 | 81.00 | 172.00 | OK | |
r-oldrel-osx-x86_64 | 1.0.1 | NOTE |
Version: 1.0.1
Check: installed package size
Result: NOTE
installed size is 6.9Mb
sub-directories of 1Mb or more:
libs 6.7Mb
Flavors: r-devel-linux-x86_64-fedora-clang, r-release-osx-x86_64, r-oldrel-osx-x86_64
Version: 1.0.1
Check: compiled code
Result: NOTE
File ‘acrt/libs/acrt.so’:
Found no calls to: ‘R_registerRoutines’, ‘R_useDynamicSymbols’
It is good practice to register native routines and to disable symbol
search.
See ‘Writing portable packages’ in the ‘Writing R Extensions’ manual.
Flavors: r-devel-linux-x86_64-fedora-clang, r-devel-linux-x86_64-fedora-gcc