Last updated on 2020-02-15 01:01:17 CET.
Flavor | Version | Tinstall | Tcheck | Ttotal | Status | Flags |
---|---|---|---|---|---|---|
r-devel-linux-x86_64-debian-clang | 1.0.2 | 8.26 | 47.23 | 55.49 | OK | |
r-devel-linux-x86_64-debian-gcc | 1.0.2 | 7.26 | 38.06 | 45.32 | OK | |
r-devel-linux-x86_64-fedora-clang | 1.0.2 | 71.80 | NOTE | |||
r-devel-linux-x86_64-fedora-gcc | 1.0.2 | 70.46 | OK | |||
r-devel-windows-ix86+x86_64 | 1.0.2 | 14.00 | 69.00 | 83.00 | NOTE | |
r-devel-windows-ix86+x86_64-gcc8 | 1.0.2 | 18.00 | 89.00 | 107.00 | NOTE | |
r-patched-linux-x86_64 | 1.0.2 | 8.12 | 45.26 | 53.38 | OK | |
r-patched-solaris-x86 | 1.0.2 | 109.00 | NOTE | |||
r-release-linux-x86_64 | 1.0.2 | 7.56 | 45.08 | 52.64 | OK | |
r-release-windows-ix86+x86_64 | 1.0.2 | 13.00 | 64.00 | 77.00 | NOTE | |
r-release-osx-x86_64 | 1.0.2 | NOTE | ||||
r-oldrel-windows-ix86+x86_64 | 1.0.2 | 8.00 | 53.00 | 61.00 | NOTE | |
r-oldrel-osx-x86_64 | 1.0.2 | NOTE |
Version: 1.0.2
Check: installed package size
Result: NOTE
installed size is 5.6Mb
sub-directories of 1Mb or more:
data 5.4Mb
Flavors: r-devel-linux-x86_64-fedora-clang, r-devel-windows-ix86+x86_64, r-devel-windows-ix86+x86_64-gcc8, r-patched-solaris-x86, r-release-windows-ix86+x86_64, r-release-osx-x86_64, r-oldrel-windows-ix86+x86_64, r-oldrel-osx-x86_64