Last updated on 2020-02-15 01:01:17 CET.
Flavor | Version | Tinstall | Tcheck | Ttotal | Status | Flags |
---|---|---|---|---|---|---|
r-devel-linux-x86_64-debian-clang | 2.0.0 | 8.29 | 49.39 | 57.68 | NOTE | |
r-devel-linux-x86_64-debian-gcc | 2.0.0 | 7.67 | 38.68 | 46.35 | NOTE | |
r-devel-linux-x86_64-fedora-clang | 2.0.0 | 72.04 | NOTE | |||
r-devel-linux-x86_64-fedora-gcc | 2.0.0 | 70.31 | NOTE | |||
r-devel-windows-ix86+x86_64 | 2.0.0 | 20.00 | 72.00 | 92.00 | NOTE | |
r-devel-windows-ix86+x86_64-gcc8 | 2.0.0 | 36.00 | 99.00 | 135.00 | NOTE | |
r-patched-linux-x86_64 | 2.0.0 | 8.00 | 44.84 | 52.84 | NOTE | |
r-patched-solaris-x86 | 2.0.0 | 88.60 | NOTE | |||
r-release-linux-x86_64 | 2.0.0 | 6.16 | 45.40 | 51.56 | NOTE | |
r-release-windows-ix86+x86_64 | 2.0.0 | 15.00 | 62.00 | 77.00 | NOTE | |
r-release-osx-x86_64 | 2.0.0 | NOTE | ||||
r-oldrel-windows-ix86+x86_64 | 2.0.0 | 9.00 | 63.00 | 72.00 | NOTE | |
r-oldrel-osx-x86_64 | 2.0.0 | NOTE |
Version: 2.0.0
Check: dependencies in R code
Result: NOTE
Missing or unexported object: 'devtools::clean_source'
Flavors: r-devel-linux-x86_64-debian-clang, r-devel-linux-x86_64-debian-gcc, r-devel-windows-ix86+x86_64, r-devel-windows-ix86+x86_64-gcc8, r-patched-linux-x86_64, r-release-linux-x86_64, r-release-windows-ix86+x86_64, r-oldrel-windows-ix86+x86_64
Version: 2.0.0
Check: dependencies in R code
Result: NOTE
Namespaces in Imports field not imported from:
‘plotly’ ‘shinydashboard’
All declared Imports should be used.
Missing or unexported object: ‘devtools::clean_source’
Flavors: r-devel-linux-x86_64-fedora-clang, r-devel-linux-x86_64-fedora-gcc, r-patched-solaris-x86, r-release-osx-x86_64
Version: 2.0.0
Check: dependencies in R code
Result: NOTE
Namespaces in Imports field not imported from:
‘plotly’ ‘shinydashboard’
All declared Imports should be used.
Flavor: r-oldrel-osx-x86_64