Last updated on 2020-02-15 01:01:17 CET.
Flavor | Version | Tinstall | Tcheck | Ttotal | Status | Flags |
---|---|---|---|---|---|---|
r-devel-linux-x86_64-debian-clang | 0.3.14 | 8.38 | 55.55 | 63.93 | OK | |
r-devel-linux-x86_64-debian-gcc | 0.3.14 | 6.41 | 42.25 | 48.66 | OK | |
r-devel-linux-x86_64-fedora-clang | 0.3.14 | 78.24 | NOTE | |||
r-devel-linux-x86_64-fedora-gcc | 0.3.14 | 75.29 | NOTE | |||
r-devel-windows-ix86+x86_64 | 0.3.14 | 19.00 | 92.00 | 111.00 | OK | |
r-devel-windows-ix86+x86_64-gcc8 | 0.3.14 | 24.00 | 117.00 | 141.00 | OK | |
r-patched-linux-x86_64 | 0.3.14 | 6.61 | 48.77 | 55.38 | OK | |
r-patched-solaris-x86 | 0.3.14 | 102.90 | NOTE | |||
r-release-linux-x86_64 | 0.3.14 | 6.72 | 48.76 | 55.48 | OK | |
r-release-windows-ix86+x86_64 | 0.3.14 | 16.00 | 83.00 | 99.00 | OK | |
r-release-osx-x86_64 | 0.3.14 | NOTE | ||||
r-oldrel-windows-ix86+x86_64 | 0.3.14 | 12.00 | 112.00 | 124.00 | OK | |
r-oldrel-osx-x86_64 | 0.3.14 | NOTE |
Version: 0.3.14
Check: dependencies in R code
Result: NOTE
Namespace in Imports field not imported from: ‘filehash’
All declared Imports should be used.
Flavors: r-devel-linux-x86_64-fedora-clang, r-devel-linux-x86_64-fedora-gcc, r-patched-solaris-x86
Version: 0.3.14
Check: dependencies in R code
Result: NOTE
No protocol specified
No protocol specified
No protocol specified
No protocol specified
Namespace in Imports field not imported from: ‘filehash’
All declared Imports should be used.
Flavors: r-release-osx-x86_64, r-oldrel-osx-x86_64