Last updated on 2020-02-15 01:01:17 CET.
Flavor | Version | Tinstall | Tcheck | Ttotal | Status | Flags |
---|---|---|---|---|---|---|
r-devel-linux-x86_64-debian-clang | 1.1.2 | 11.99 | 381.69 | 393.68 | OK | |
r-devel-linux-x86_64-debian-gcc | 1.1.2 | 8.66 | 253.21 | 261.87 | OK | |
r-devel-linux-x86_64-fedora-clang | 1.1.2 | 473.70 | NOTE | |||
r-devel-linux-x86_64-fedora-gcc | 1.1.2 | 405.73 | NOTE | |||
r-devel-windows-ix86+x86_64 | 1.1.2 | 31.00 | 122.00 | 153.00 | NOTE | --no-vignettes |
r-devel-windows-ix86+x86_64-gcc8 | 1.1.2 | 44.00 | 115.00 | 159.00 | NOTE | --no-vignettes |
r-patched-linux-x86_64 | 1.1.2 | 10.08 | 305.94 | 316.02 | OK | |
r-patched-solaris-x86 | 1.1.2 | 851.40 | NOTE | |||
r-release-linux-x86_64 | 1.1.2 | 11.17 | 303.80 | 314.97 | OK | |
r-release-windows-ix86+x86_64 | 1.1.2 | 22.00 | 115.00 | 137.00 | NOTE | --no-vignettes |
r-release-osx-x86_64 | 1.1.2 | NOTE | ||||
r-oldrel-windows-ix86+x86_64 | 1.1.2 | 13.00 | 176.00 | 189.00 | NOTE | --no-vignettes |
r-oldrel-osx-x86_64 | 1.1.2 | NOTE |
Version: 1.1.2
Check: installed package size
Result: NOTE
installed size is 5.5Mb
sub-directories of 1Mb or more:
doc 4.7Mb
Flavors: r-devel-linux-x86_64-fedora-clang, r-patched-solaris-x86, r-release-osx-x86_64, r-oldrel-osx-x86_64
Version: 1.1.2
Check: dependencies in R code
Result: NOTE
Namespace in Imports field not imported from: ‘tibble’
All declared Imports should be used.
Flavors: r-devel-linux-x86_64-fedora-clang, r-devel-linux-x86_64-fedora-gcc, r-patched-solaris-x86, r-release-osx-x86_64, r-oldrel-osx-x86_64
Version: 1.1.2
Flags: --no-vignettes
Check: installed package size
Result: NOTE
installed size is 5.5Mb
sub-directories of 1Mb or more:
doc 4.7Mb
Flavors: r-devel-windows-ix86+x86_64, r-devel-windows-ix86+x86_64-gcc8, r-release-windows-ix86+x86_64, r-oldrel-windows-ix86+x86_64