Last updated on 2020-02-15 01:01:17 CET.
Flavor | Version | Tinstall | Tcheck | Ttotal | Status | Flags |
---|---|---|---|---|---|---|
r-devel-linux-x86_64-debian-clang | 0.1.0 | 2.01 | 21.41 | 23.42 | OK | |
r-devel-linux-x86_64-debian-gcc | 0.1.0 | 1.86 | 17.40 | 19.26 | OK | |
r-devel-linux-x86_64-fedora-clang | 0.1.0 | 29.33 | NOTE | |||
r-devel-linux-x86_64-fedora-gcc | 0.1.0 | 29.00 | NOTE | |||
r-devel-windows-ix86+x86_64 | 0.1.0 | 5.00 | 37.00 | 42.00 | OK | |
r-devel-windows-ix86+x86_64-gcc8 | 0.1.0 | 8.00 | 46.00 | 54.00 | OK | |
r-patched-linux-x86_64 | 0.1.0 | 1.78 | 19.89 | 21.67 | OK | |
r-patched-solaris-x86 | 0.1.0 | 42.10 | NOTE | |||
r-release-linux-x86_64 | 0.1.0 | 1.60 | 19.59 | 21.19 | OK | |
r-release-windows-ix86+x86_64 | 0.1.0 | 4.00 | 32.00 | 36.00 | OK | |
r-release-osx-x86_64 | 0.1.0 | NOTE | ||||
r-oldrel-windows-ix86+x86_64 | 0.1.0 | 3.00 | 46.00 | 49.00 | OK | |
r-oldrel-osx-x86_64 | 0.1.0 | NOTE |
Version: 0.1.0
Check: dependencies in R code
Result: NOTE
Namespace in Imports field not imported from: ‘Rdpack’
All declared Imports should be used.
Flavors: r-devel-linux-x86_64-fedora-clang, r-devel-linux-x86_64-fedora-gcc, r-patched-solaris-x86, r-release-osx-x86_64, r-oldrel-osx-x86_64