CRAN Package Check Results for Package adpss

Last updated on 2020-02-15 01:01:17 CET.

Flavor Version Tinstall Tcheck Ttotal Status Flags
r-devel-linux-x86_64-debian-clang 0.1.1 26.79 40.70 67.49 OK
r-devel-linux-x86_64-debian-gcc 0.1.1 24.58 29.30 53.88 OK
r-devel-linux-x86_64-fedora-clang 0.1.1 89.77 OK
r-devel-linux-x86_64-fedora-gcc 0.1.1 93.84 OK
r-devel-windows-ix86+x86_64 0.1.1 53.00 96.00 149.00 OK
r-devel-windows-ix86+x86_64-gcc8 0.1.1 73.00 113.00 186.00 OK
r-patched-linux-x86_64 0.1.1 27.35 36.17 63.52 OK
r-patched-solaris-x86 0.1.1 114.30 OK
r-release-linux-x86_64 0.1.1 26.05 35.95 62.00 OK
r-release-windows-ix86+x86_64 0.1.1 45.00 81.00 126.00 OK
r-release-osx-x86_64 0.1.1 WARN
r-oldrel-windows-ix86+x86_64 0.1.1 44.00 108.00 152.00 OK
r-oldrel-osx-x86_64 0.1.1 OK

Check Details

Version: 0.1.1
Check: re-building of vignette outputs
Result: WARN
    Error(s) in re-building vignettes:
     ...
    --- re-building ‘adpss_ex.Rmd’ using rmarkdown
    Warning in engine$weave(file, quiet = quiet, encoding = enc) :
     Pandoc (>= 1.12.3) and/or pandoc-citeproc not available. Falling back to R Markdown v1.
    Error: processing vignette 'adpss_ex.Rmd' failed with diagnostics:
    there is no package called 'stringi'
    --- failed re-building ‘adpss_ex.Rmd’
    
    SUMMARY: processing the following file failed:
     ‘adpss_ex.Rmd’
    
    Error: Vignette re-building failed.
    Execution halted
Flavor: r-release-osx-x86_64