CRAN Package Check Results for Package afex

Last updated on 2020-02-15 01:01:17 CET.

Flavor Version Tinstall Tcheck Ttotal Status Flags
r-devel-linux-x86_64-debian-clang 0.26-0 15.92 417.09 433.01 OK
r-devel-linux-x86_64-debian-gcc 0.26-0 12.06 303.93 315.99 OK
r-devel-linux-x86_64-fedora-clang 0.26-0 525.09 OK
r-devel-linux-x86_64-fedora-gcc 0.26-0 524.99 OK
r-devel-windows-ix86+x86_64 0.26-0 38.00 448.00 486.00 OK
r-devel-windows-ix86+x86_64-gcc8 0.26-0 51.00 547.00 598.00 OK
r-patched-linux-x86_64 0.26-0 13.44 369.78 383.22 OK
r-patched-solaris-x86 0.26-0 866.90 NOTE
r-release-linux-x86_64 0.26-0 12.36 365.42 377.78 OK
r-release-windows-ix86+x86_64 0.26-0 31.00 403.00 434.00 OK
r-release-osx-x86_64 0.26-0 OK
r-oldrel-windows-ix86+x86_64 0.26-0 19.00 404.00 423.00 OK
r-oldrel-osx-x86_64 0.26-0 OK

Check Details

Version: 0.26-0
Check: installed package size
Result: NOTE
     installed size is 5.6Mb
     sub-directories of 1Mb or more:
     doc 2.9Mb
     extdata 1.9Mb
Flavor: r-patched-solaris-x86