Last updated on 2020-02-15 01:01:17 CET.
Flavor | Version | Tinstall | Tcheck | Ttotal | Status | Flags |
---|---|---|---|---|---|---|
r-devel-linux-x86_64-debian-clang | 0.0.1 | 6.11 | 60.91 | 67.02 | OK | |
r-devel-linux-x86_64-debian-gcc | 0.0.1 | 6.33 | 50.25 | 56.58 | OK | |
r-devel-linux-x86_64-fedora-clang | 0.0.1 | 88.18 | NOTE | |||
r-devel-linux-x86_64-fedora-gcc | 0.0.1 | 83.95 | NOTE | |||
r-devel-windows-ix86+x86_64 | 0.0.1 | 16.00 | 76.00 | 92.00 | OK | |
r-devel-windows-ix86+x86_64-gcc8 | 0.0.1 | 17.00 | 105.00 | 122.00 | OK | |
r-patched-linux-x86_64 | 0.0.1 | 5.64 | 59.07 | 64.71 | OK | |
r-patched-solaris-x86 | 0.0.1 | 114.10 | NOTE | |||
r-release-linux-x86_64 | 0.0.1 | 5.25 | 59.04 | 64.29 | OK | |
r-release-windows-ix86+x86_64 | 0.0.1 | 14.00 | 70.00 | 84.00 | OK | |
r-release-osx-x86_64 | 0.0.1 | NOTE | ||||
r-oldrel-windows-ix86+x86_64 | 0.0.1 | 10.00 | 71.00 | 81.00 | OK | |
r-oldrel-osx-x86_64 | 0.0.1 | NOTE |
Version: 0.0.1
Check: dependencies in R code
Result: NOTE
Namespaces in Imports field not imported from:
‘DBI’ ‘assertthat’ ‘tibble’
All declared Imports should be used.
Flavors: r-devel-linux-x86_64-fedora-clang, r-devel-linux-x86_64-fedora-gcc, r-patched-solaris-x86, r-release-osx-x86_64, r-oldrel-osx-x86_64