Last updated on 2020-02-15 01:01:17 CET.
Flavor | Version | Tinstall | Tcheck | Ttotal | Status | Flags |
---|---|---|---|---|---|---|
r-devel-linux-x86_64-debian-clang | 1.0.0 | 3.63 | 82.98 | 86.61 | OK | |
r-devel-linux-x86_64-debian-gcc | 1.0.0 | 3.05 | 63.92 | 66.97 | OK | |
r-devel-linux-x86_64-fedora-clang | 1.0.0 | 103.06 | OK | |||
r-devel-linux-x86_64-fedora-gcc | 1.0.0 | 102.27 | OK | |||
r-devel-windows-ix86+x86_64 | 1.0.0 | 7.00 | 96.00 | 103.00 | OK | |
r-devel-windows-ix86+x86_64-gcc8 | 1.0.0 | 12.00 | 126.00 | 138.00 | OK | |
r-patched-linux-x86_64 | 1.0.0 | 3.17 | 75.17 | 78.34 | OK | |
r-patched-solaris-x86 | 1.0.0 | 113.80 | OK | |||
r-release-linux-x86_64 | 1.0.0 | 2.97 | 75.37 | 78.34 | OK | |
r-release-windows-ix86+x86_64 | 1.0.0 | 5.00 | 83.00 | 88.00 | OK | |
r-release-osx-x86_64 | 1.0.0 | WARN | ||||
r-oldrel-windows-ix86+x86_64 | 1.0.0 | 4.00 | 114.00 | 118.00 | OK | |
r-oldrel-osx-x86_64 | 1.0.0 | OK |
Version: 1.0.0
Check: re-building of vignette outputs
Result: WARN
Error(s) in re-building vignettes:
--- re-building ‘afpt-aerodynamic-model.Rmd’ using rmarkdown
Warning in engine$weave(file, quiet = quiet, encoding = enc) :
Pandoc (>= 1.12.3) and/or pandoc-citeproc not available. Falling back to R Markdown v1.
Error: processing vignette 'afpt-aerodynamic-model.Rmd' failed with diagnostics:
there is no package called 'stringi'
--- failed re-building ‘afpt-aerodynamic-model.Rmd’
--- re-building ‘afpt-basic-usage.Rmd’ using rmarkdown
Warning in engine$weave(file, quiet = quiet, encoding = enc) :
Pandoc (>= 1.12.3) and/or pandoc-citeproc not available. Falling back to R Markdown v1.
Error: processing vignette 'afpt-basic-usage.Rmd' failed with diagnostics:
there is no package called 'stringi'
--- failed re-building ‘afpt-basic-usage.Rmd’
--- re-building ‘afpt-multiple-birds.Rmd’ using rmarkdown
Warning in engine$weave(file, quiet = quiet, encoding = enc) :
Pandoc (>= 1.12.3) and/or pandoc-citeproc not available. Falling back to R Markdown v1.
Error: processing vignette 'afpt-multiple-birds.Rmd' failed with diagnostics:
there is no package called 'stringi'
--- failed re-building ‘afpt-multiple-birds.Rmd’
SUMMARY: processing the following files failed:
‘afpt-aerodynamic-model.Rmd’ ‘afpt-basic-usage.Rmd’
‘afpt-multiple-birds.Rmd’
Error: Vignette re-building failed.
Execution halted
Flavor: r-release-osx-x86_64