Last updated on 2020-02-15 01:01:18 CET.
Flavor | Version | Tinstall | Tcheck | Ttotal | Status | Flags |
---|---|---|---|---|---|---|
r-devel-linux-x86_64-debian-clang | 0.4.1 | 5.17 | 96.59 | 101.76 | OK | |
r-devel-linux-x86_64-debian-gcc | 0.4.1 | 4.31 | 69.23 | 73.54 | OK | |
r-devel-linux-x86_64-fedora-clang | 0.4.1 | 115.92 | NOTE | |||
r-devel-linux-x86_64-fedora-gcc | 0.4.1 | 112.63 | NOTE | |||
r-devel-windows-ix86+x86_64 | 0.4.1 | 13.00 | 107.00 | 120.00 | OK | |
r-devel-windows-ix86+x86_64-gcc8 | 0.4.1 | 25.00 | 140.00 | 165.00 | OK | |
r-patched-linux-x86_64 | 0.4.1 | 4.37 | 83.74 | 88.11 | OK | |
r-patched-solaris-x86 | 0.4.1 | 145.10 | NOTE | |||
r-release-linux-x86_64 | 0.4.1 | 4.41 | 83.52 | 87.93 | OK | |
r-release-windows-ix86+x86_64 | 0.4.1 | 9.00 | 96.00 | 105.00 | OK | |
r-release-osx-x86_64 | 0.4.1 | NOTE | ||||
r-oldrel-windows-ix86+x86_64 | 0.4.1 | 6.00 | 97.00 | 103.00 | OK | |
r-oldrel-osx-x86_64 | 0.4.1 | NOTE |
Version: 0.4.1
Check: dependencies in R code
Result: NOTE
Namespaces in Imports field not imported from:
‘knitr’ ‘randomNames’ ‘tidyr’
All declared Imports should be used.
Flavors: r-devel-linux-x86_64-fedora-clang, r-devel-linux-x86_64-fedora-gcc, r-patched-solaris-x86, r-release-osx-x86_64, r-oldrel-osx-x86_64