Last updated on 2020-02-15 01:01:18 CET.
Flavor | Version | Tinstall | Tcheck | Ttotal | Status | Flags |
---|---|---|---|---|---|---|
r-devel-linux-x86_64-debian-clang | 0.8.2 | 7.78 | 62.23 | 70.01 | OK | |
r-devel-linux-x86_64-debian-gcc | 0.8.2 | 6.87 | 46.17 | 53.04 | OK | |
r-devel-linux-x86_64-fedora-clang | 0.8.2 | 83.90 | NOTE | |||
r-devel-linux-x86_64-fedora-gcc | 0.8.2 | 79.82 | NOTE | |||
r-devel-windows-ix86+x86_64 | 0.8.2 | 18.00 | 82.00 | 100.00 | OK | |
r-devel-windows-ix86+x86_64-gcc8 | 0.8.2 | 34.00 | 105.00 | 139.00 | OK | |
r-patched-linux-x86_64 | 0.8.2 | 6.98 | 52.88 | 59.86 | OK | |
r-patched-solaris-x86 | 0.8.2 | 109.60 | NOTE | |||
r-release-linux-x86_64 | 0.8.2 | 7.07 | 53.67 | 60.74 | OK | |
r-release-windows-ix86+x86_64 | 0.8.2 | 13.00 | 68.00 | 81.00 | OK | |
r-release-osx-x86_64 | 0.8.2 | NOTE | ||||
r-oldrel-windows-ix86+x86_64 | 0.8.2 | 10.00 | 71.00 | 81.00 | OK | |
r-oldrel-osx-x86_64 | 0.8.2 | NOTE |
Version: 0.8.2
Check: data for non-ASCII characters
Result: NOTE
Note: found 53 marked UTF-8 strings
Flavors: r-devel-linux-x86_64-fedora-clang, r-devel-linux-x86_64-fedora-gcc, r-patched-solaris-x86, r-release-osx-x86_64, r-oldrel-osx-x86_64
Version: 0.8.2
Check: package dependencies
Result: NOTE
Package suggested but not available for checking: ‘ggseas’
Flavor: r-release-osx-x86_64