Last updated on 2020-02-15 01:01:18 CET.
Flavor | Version | Tinstall | Tcheck | Ttotal | Status | Flags |
---|---|---|---|---|---|---|
r-devel-linux-x86_64-debian-clang | 0.1.3 | 5.06 | 40.23 | 45.29 | OK | |
r-devel-linux-x86_64-debian-gcc | 0.1.3 | 3.57 | 31.29 | 34.86 | OK | |
r-devel-linux-x86_64-fedora-clang | 0.1.3 | 54.27 | NOTE | |||
r-devel-linux-x86_64-fedora-gcc | 0.1.3 | 52.76 | NOTE | |||
r-devel-windows-ix86+x86_64 | 0.1.3 | 11.00 | 56.00 | 67.00 | OK | |
r-devel-windows-ix86+x86_64-gcc8 | 0.1.3 | 13.00 | 73.00 | 86.00 | OK | |
r-patched-linux-x86_64 | 0.1.3 | 3.95 | 36.17 | 40.12 | OK | |
r-patched-solaris-x86 | 0.1.3 | 77.90 | NOTE | |||
r-release-linux-x86_64 | 0.1.3 | 3.61 | 36.16 | 39.77 | OK | |
r-release-windows-ix86+x86_64 | 0.1.3 | 10.00 | 49.00 | 59.00 | OK | |
r-release-osx-x86_64 | 0.1.3 | NOTE | ||||
r-oldrel-windows-ix86+x86_64 | 0.1.3 | 5.00 | 52.00 | 57.00 | OK | |
r-oldrel-osx-x86_64 | 0.1.3 | NOTE |
Version: 0.1.3
Check: data for non-ASCII characters
Result: NOTE
Note: found 710 marked UTF-8 strings
Flavors: r-devel-linux-x86_64-fedora-clang, r-devel-linux-x86_64-fedora-gcc, r-patched-solaris-x86, r-release-osx-x86_64, r-oldrel-osx-x86_64