Last updated on 2020-02-15 01:01:18 CET.
Flavor | Version | Tinstall | Tcheck | Ttotal | Status | Flags |
---|---|---|---|---|---|---|
r-devel-linux-x86_64-debian-clang | 1.2.0 | 5.70 | 42.38 | 48.08 | OK | |
r-devel-linux-x86_64-debian-gcc | 1.2.0 | 4.70 | 33.22 | 37.92 | OK | |
r-devel-linux-x86_64-fedora-clang | 1.2.0 | 59.29 | NOTE | |||
r-devel-linux-x86_64-fedora-gcc | 1.2.0 | 57.01 | NOTE | |||
r-devel-windows-ix86+x86_64 | 1.2.0 | 14.00 | 64.00 | 78.00 | OK | |
r-devel-windows-ix86+x86_64-gcc8 | 1.2.0 | 21.00 | 92.00 | 113.00 | OK | |
r-patched-linux-x86_64 | 1.2.0 | 4.06 | 37.39 | 41.45 | OK | |
r-patched-solaris-x86 | 1.2.0 | 80.70 | NOTE | |||
r-release-linux-x86_64 | 1.2.0 | 3.86 | 37.49 | 41.35 | OK | |
r-release-windows-ix86+x86_64 | 1.2.0 | 13.00 | 58.00 | 71.00 | OK | |
r-release-osx-x86_64 | 1.2.0 | NOTE | ||||
r-oldrel-windows-ix86+x86_64 | 1.2.0 | 6.00 | 82.00 | 88.00 | OK | |
r-oldrel-osx-x86_64 | 1.2.0 | NOTE |
Version: 1.2.0
Check: dependencies in R code
Result: NOTE
Namespace in Imports field not imported from: ‘taxize’
All declared Imports should be used.
Flavors: r-devel-linux-x86_64-fedora-clang, r-devel-linux-x86_64-fedora-gcc, r-patched-solaris-x86, r-release-osx-x86_64, r-oldrel-osx-x86_64