Last updated on 2020-02-15 01:01:18 CET.
Flavor | Version | Tinstall | Tcheck | Ttotal | Status | Flags |
---|---|---|---|---|---|---|
r-devel-linux-x86_64-debian-clang | 0.2.2 | 45.44 | 160.52 | 205.96 | OK | |
r-devel-linux-x86_64-debian-gcc | 0.2.2 | 28.64 | 118.29 | 146.93 | OK | |
r-devel-linux-x86_64-fedora-clang | 0.2.2 | 262.28 | NOTE | |||
r-devel-linux-x86_64-fedora-gcc | 0.2.2 | 257.66 | NOTE | |||
r-devel-windows-ix86+x86_64 | 0.2.2 | 97.00 | 258.00 | 355.00 | OK | |
r-devel-windows-ix86+x86_64-gcc8 | 0.2.2 | 111.00 | 287.00 | 398.00 | OK | |
r-patched-linux-x86_64 | 0.2.2 | 32.47 | 160.28 | 192.75 | OK | |
r-patched-solaris-x86 | 0.2.2 | 478.30 | OK | |||
r-release-linux-x86_64 | 0.2.2 | 34.10 | 160.12 | 194.22 | OK | |
r-release-windows-ix86+x86_64 | 0.2.2 | 88.00 | 218.00 | 306.00 | OK | |
r-release-osx-x86_64 | 0.2.2 | OK | ||||
r-oldrel-windows-ix86+x86_64 | 0.2.2 | 73.00 | 211.00 | 284.00 | OK | |
r-oldrel-osx-x86_64 | 0.2.2 | OK |
Version: 0.2.2
Check: compiled code
Result: NOTE
File ‘alphabetr/libs/alphabetr.so’:
Found no calls to: ‘R_registerRoutines’, ‘R_useDynamicSymbols’
It is good practice to register native routines and to disable symbol
search.
See ‘Writing portable packages’ in the ‘Writing R Extensions’ manual.
Flavors: r-devel-linux-x86_64-fedora-clang, r-devel-linux-x86_64-fedora-gcc