CRAN Package Check Results for Package alphashape3d

Last updated on 2020-02-15 01:01:18 CET.

Flavor Version Tinstall Tcheck Ttotal Status Flags
r-devel-linux-x86_64-debian-clang 1.3 6.76 47.59 54.35 OK
r-devel-linux-x86_64-debian-gcc 1.3 5.71 36.47 42.18 OK
r-devel-linux-x86_64-fedora-clang 1.3 65.21 OK
r-devel-linux-x86_64-fedora-gcc 1.3 63.39 OK
r-devel-windows-ix86+x86_64 1.3 20.00 85.00 105.00 OK
r-devel-windows-ix86+x86_64-gcc8 1.3 30.00 111.00 141.00 OK
r-patched-linux-x86_64 1.3 5.44 43.93 49.37 OK
r-patched-solaris-x86 1.3 95.70 OK
r-release-linux-x86_64 1.3 5.12 44.59 49.71 OK
r-release-windows-ix86+x86_64 1.3 18.00 82.00 100.00 OK
r-release-osx-x86_64 1.3 WARN
r-oldrel-windows-ix86+x86_64 1.3 11.00 81.00 92.00 OK
r-oldrel-osx-x86_64 1.3 OK

Check Details

Version: 1.3
Check: whether package can be installed
Result: WARN
    Found the following significant warnings:
     Warning: 'rgl_init' failed, running with rgl.useNULL = TRUE
Flavor: r-release-osx-x86_64