CRAN Package Check Results for Package amen

Last updated on 2020-02-15 01:01:18 CET.

Flavor Version Tinstall Tcheck Ttotal Status Flags
r-devel-linux-x86_64-debian-clang 1.3 6.16 43.22 49.38 OK --no-vignettes
r-devel-linux-x86_64-debian-gcc 1.3 5.39 32.74 38.13 OK --no-vignettes
r-devel-linux-x86_64-fedora-clang 1.3 59.60 OK --no-vignettes
r-devel-linux-x86_64-fedora-gcc 1.3 57.05 OK --no-vignettes
r-devel-windows-ix86+x86_64 1.3 11.00 49.00 60.00 OK --no-vignettes
r-devel-windows-ix86+x86_64-gcc8 1.3 17.00 48.00 65.00 OK --no-vignettes
r-patched-linux-x86_64 1.3 5.42 39.33 44.75 OK --no-vignettes
r-patched-solaris-x86 1.3 76.60 OK --no-vignettes
r-release-linux-x86_64 1.3 5.13 39.63 44.76 OK --no-vignettes
r-release-windows-ix86+x86_64 1.3 9.00 47.00 56.00 OK --no-vignettes
r-release-osx-x86_64 1.3 FAIL
r-oldrel-windows-ix86+x86_64 1.3 8.00 64.00 72.00 OK --no-vignettes
r-oldrel-osx-x86_64 1.3 FAIL

Check Details

Version: 1.3
Check: re-building of vignette outputs
Result: WARN
    Error(s) in re-building vignettes:
     ...
    --- re-building ‘amen.Rnw’ using knitr
    Loading required package: network
    network: Classes for Relational Data
    Version 1.15 created on 2019-04-01.
    copyright (c) 2005, Carter T. Butts, University of California-Irvine
     Mark S. Handcock, University of California -- Los Angeles
     David R. Hunter, Penn State University
     Martina Morris, University of Washington
     Skye Bender-deMoll, University of Washington
     For citation information, type citation("network").
     Type help("network-package") to get started.
    
    
    Execution halted
Flavor: r-release-osx-x86_64

Version: 1.3
Check: PDF version of manual
Result: FAIL
Flavors: r-release-osx-x86_64, r-oldrel-osx-x86_64

Version: 1.3
Check: re-building of vignette outputs
Result: WARN
    Error in re-building vignettes:
     ...
    Loading required package: network
    network: Classes for Relational Data
    Version 1.13.0.1 created on 2015-08-31.
    copyright (c) 2005, Carter T. Butts, University of California-Irvine
     Mark S. Handcock, University of California -- Los Angeles
     David R. Hunter, Penn State University
     Martina Morris, University of Washington
     Skye Bender-deMoll, University of Washington
     For citation information, type citation("network").
     Type help("network-package") to get started.
    
    
    Execution halted
Flavor: r-oldrel-osx-x86_64