Last updated on 2020-02-15 01:01:18 CET.
Flavor | Version | Tinstall | Tcheck | Ttotal | Status | Flags |
---|---|---|---|---|---|---|
r-devel-linux-x86_64-debian-clang | 0.0.7 | 56.92 | 216.71 | 273.63 | OK | |
r-devel-linux-x86_64-debian-gcc | 0.0.7 | 38.87 | 162.91 | 201.78 | OK | |
r-devel-linux-x86_64-fedora-clang | 0.0.7 | 359.30 | NOTE | |||
r-devel-linux-x86_64-fedora-gcc | 0.0.7 | 334.56 | NOTE | |||
r-devel-windows-ix86+x86_64 | 0.0.7 | 132.00 | 326.00 | 458.00 | OK | |
r-devel-windows-ix86+x86_64-gcc8 | 0.0.7 | 163.00 | 435.00 | 598.00 | OK | |
r-patched-linux-x86_64 | 0.0.7 | 42.35 | 186.96 | 229.31 | OK | |
r-patched-solaris-x86 | 0.0.7 | 411.10 | NOTE | |||
r-release-linux-x86_64 | 0.0.7 | 41.71 | 189.27 | 230.98 | OK | |
r-release-windows-ix86+x86_64 | 0.0.7 | 104.00 | 277.00 | 381.00 | OK | |
r-release-osx-x86_64 | 0.0.7 | NOTE | ||||
r-oldrel-windows-ix86+x86_64 | 0.0.7 | 73.00 | 261.00 | 334.00 | OK | |
r-oldrel-osx-x86_64 | 0.0.7 | NOTE |
Version: 0.0.7
Check: package dependencies
Result: NOTE
Imports includes 26 non-default packages.
Importing from so many packages makes the package vulnerable to any of
them becoming unavailable. Move as many as possible to Suggests and
use conditionally.
Flavor: r-devel-linux-x86_64-fedora-clang
Version: 0.0.7
Check: dependencies in R code
Result: NOTE
Namespaces in Imports field not imported from:
‘Rcpp’ ‘magrittr’
All declared Imports should be used.
Flavors: r-devel-linux-x86_64-fedora-clang, r-devel-linux-x86_64-fedora-gcc, r-patched-solaris-x86, r-release-osx-x86_64, r-oldrel-osx-x86_64