Last updated on 2020-02-15 01:01:18 CET.
Flavor | Version | Tinstall | Tcheck | Ttotal | Status | Flags |
---|---|---|---|---|---|---|
r-devel-linux-x86_64-debian-clang | 0.8.0 | 4.75 | 39.20 | 43.95 | NOTE | |
r-devel-linux-x86_64-debian-gcc | 0.8.0 | 4.14 | 30.22 | 34.36 | NOTE | |
r-devel-linux-x86_64-fedora-clang | 0.8.0 | 52.59 | NOTE | |||
r-devel-linux-x86_64-fedora-gcc | 0.8.0 | 51.51 | NOTE | |||
r-devel-windows-ix86+x86_64 | 0.8.0 | 10.00 | 57.00 | 67.00 | OK | |
r-devel-windows-ix86+x86_64-gcc8 | 0.7.2 | 24.00 | 77.00 | 101.00 | OK | |
r-patched-linux-x86_64 | 0.8.0 | 3.53 | 35.72 | 39.25 | NOTE | |
r-patched-solaris-x86 | 0.8.0 | 74.20 | NOTE | |||
r-release-linux-x86_64 | 0.8.0 | 3.96 | 35.43 | 39.39 | NOTE | |
r-release-windows-ix86+x86_64 | 0.8.0 | 9.00 | 55.00 | 64.00 | OK | |
r-release-osx-x86_64 | 0.8.0 | OK | ||||
r-oldrel-windows-ix86+x86_64 | 0.8.0 | 6.00 | 75.00 | 81.00 | OK | |
r-oldrel-osx-x86_64 | 0.8.0 | OK |
Version: 0.8.0
Check: package dependencies
Result: NOTE
Package suggested but not available for checking: 'aws.s3'
Flavors: r-devel-linux-x86_64-debian-clang, r-devel-linux-x86_64-debian-gcc, r-devel-linux-x86_64-fedora-clang, r-devel-linux-x86_64-fedora-gcc, r-patched-linux-x86_64, r-release-linux-x86_64
Version: 0.8.0
Check: package dependencies
Result: NOTE
Packages suggested but not available for checking: 'ssh', 'aws.s3'
Flavor: r-patched-solaris-x86