CRAN Package Check Results for Package analogueExtra

Last updated on 2020-02-15 01:01:18 CET.

Flavor Version Tinstall Tcheck Ttotal Status Flags
r-devel-linux-x86_64-debian-clang 0.1-1 8.22 69.60 77.82 OK
r-devel-linux-x86_64-debian-gcc 0.1-1 6.74 53.79 60.53 OK
r-devel-linux-x86_64-fedora-clang 0.1-1 92.59 OK
r-devel-linux-x86_64-fedora-gcc 0.1-1 91.52 OK
r-devel-windows-ix86+x86_64 0.1-1 24.00 87.00 111.00 OK
r-devel-windows-ix86+x86_64-gcc8 0.1-1 36.00 119.00 155.00 OK
r-patched-linux-x86_64 0.1-1 7.42 61.64 69.06 OK
r-patched-solaris-x86 0.1-1 146.80 OK
r-release-linux-x86_64 0.1-1 6.95 61.54 68.49 OK
r-release-windows-ix86+x86_64 0.1-1 16.00 79.00 95.00 OK
r-release-osx-x86_64 0.1-1 WARN
r-oldrel-windows-ix86+x86_64 0.1-1 9.00 118.00 127.00 OK
r-oldrel-osx-x86_64 0.1-1 OK

Check Details

Version: 0.1-1
Check: whether package can be installed
Result: WARN
    Found the following significant warnings:
     Warning: 'rgl_init' failed, running with rgl.useNULL = TRUE
Flavor: r-release-osx-x86_64