CRAN Package Check Results for Package analysisPipelines

Last updated on 2020-02-15 01:01:18 CET.

Flavor Version Tinstall Tcheck Ttotal Status Flags
r-devel-linux-x86_64-debian-clang 1.0.0 9.89 87.31 97.20 OK
r-devel-linux-x86_64-debian-gcc 1.0.0 8.12 66.25 74.37 OK
r-devel-linux-x86_64-fedora-clang 1.0.0 118.76 NOTE
r-devel-linux-x86_64-fedora-gcc 1.0.0 115.92 NOTE
r-devel-windows-ix86+x86_64 1.0.0 22.00 102.00 124.00 OK
r-devel-windows-ix86+x86_64-gcc8 1.0.0 38.00 140.00 178.00 OK
r-patched-linux-x86_64 1.0.0 9.17 76.59 85.76 OK
r-patched-solaris-x86 1.0.0 141.90 NOTE
r-release-linux-x86_64 1.0.0 9.10 77.62 86.72 OK
r-release-windows-ix86+x86_64 1.0.0 18.00 97.00 115.00 OK
r-release-osx-x86_64 1.0.0 NOTE
r-oldrel-windows-ix86+x86_64 1.0.0 40.00 74.00 114.00 OK
r-oldrel-osx-x86_64 1.0.0 NOTE

Check Details

Version: 1.0.0
Check: dependencies in R code
Result: NOTE
    Namespace in Imports field not imported from: ‘devtools’
     All declared Imports should be used.
Flavors: r-devel-linux-x86_64-fedora-clang, r-devel-linux-x86_64-fedora-gcc, r-patched-solaris-x86, r-release-osx-x86_64, r-oldrel-osx-x86_64