CRAN Package Check Results for Package aod

Last updated on 2020-02-15 01:01:18 CET.

Flavor Version Tinstall Tcheck Ttotal Status Flags
r-devel-linux-x86_64-debian-clang 1.3.1 6.05 42.22 48.27 NOTE
r-devel-linux-x86_64-debian-gcc 1.3.1 5.59 33.34 38.93 NOTE
r-devel-linux-x86_64-fedora-clang 1.3.1 59.16 NOTE
r-devel-linux-x86_64-fedora-gcc 1.3.1 57.53 NOTE
r-devel-windows-ix86+x86_64 1.3.1 13.00 60.00 73.00 NOTE
r-devel-windows-ix86+x86_64-gcc8 1.3.1 19.00 76.00 95.00 NOTE
r-patched-linux-x86_64 1.3.1 5.19 37.52 42.71 NOTE
r-patched-solaris-x86 1.3.1 76.80 NOTE
r-release-linux-x86_64 1.3.1 4.74 38.04 42.78 NOTE
r-release-windows-ix86+x86_64 1.3.1 12.00 58.00 70.00 NOTE
r-release-osx-x86_64 1.3.1 NOTE
r-oldrel-windows-ix86+x86_64 1.3.1 10.00 57.00 67.00 NOTE
r-oldrel-osx-x86_64 1.3.1 NOTE

Check Details

Version: 1.3.1
Check: dependencies in R code
Result: NOTE
    'library' or 'require' call to 'boot' in package code.
     Please use :: or requireNamespace() instead.
     See section 'Suggested packages' in the 'Writing R Extensions' manual.
Flavors: r-devel-linux-x86_64-debian-clang, r-devel-linux-x86_64-debian-gcc, r-devel-linux-x86_64-fedora-clang, r-devel-linux-x86_64-fedora-gcc, r-devel-windows-ix86+x86_64, r-devel-windows-ix86+x86_64-gcc8, r-patched-linux-x86_64, r-patched-solaris-x86, r-release-linux-x86_64, r-release-windows-ix86+x86_64, r-release-osx-x86_64, r-oldrel-windows-ix86+x86_64, r-oldrel-osx-x86_64

Version: 1.3.1
Check: R code for possible problems
Result: NOTE
    varbin: no visible global function definition for 'boot'
    Undefined global functions or variables:
     boot
Flavors: r-devel-linux-x86_64-debian-clang, r-devel-linux-x86_64-debian-gcc, r-devel-linux-x86_64-fedora-clang, r-devel-linux-x86_64-fedora-gcc, r-devel-windows-ix86+x86_64, r-devel-windows-ix86+x86_64-gcc8, r-patched-linux-x86_64, r-patched-solaris-x86, r-release-linux-x86_64, r-release-windows-ix86+x86_64, r-release-osx-x86_64, r-oldrel-windows-ix86+x86_64, r-oldrel-osx-x86_64