Last updated on 2020-02-15 01:01:18 CET.
Flavor | Version | Tinstall | Tcheck | Ttotal | Status | Flags |
---|---|---|---|---|---|---|
r-devel-linux-x86_64-debian-clang | 5.3 | 65.46 | 182.28 | 247.74 | OK | |
r-devel-linux-x86_64-debian-gcc | 5.3 | 45.33 | 135.35 | 180.68 | OK | |
r-devel-linux-x86_64-fedora-clang | 5.3 | 296.30 | OK | |||
r-devel-linux-x86_64-fedora-gcc | 5.3 | 290.54 | OK | |||
r-devel-windows-ix86+x86_64 | 5.3 | 3.00 | 5.00 | 8.00 | ERROR | |
r-devel-windows-ix86+x86_64-gcc8 | 5.3 | 169.00 | 326.00 | 495.00 | OK | |
r-patched-linux-x86_64 | 5.3 | 50.39 | 163.90 | 214.29 | OK | |
r-patched-solaris-x86 | 5.3 | 332.90 | OK | |||
r-release-linux-x86_64 | 5.3 | 50.23 | 161.58 | 211.81 | OK | |
r-release-windows-ix86+x86_64 | 5.3 | 113.00 | 232.00 | 345.00 | OK | |
r-release-osx-x86_64 | 5.3 | OK | ||||
r-oldrel-windows-ix86+x86_64 | 5.3 | 112.00 | 288.00 | 400.00 | OK | |
r-oldrel-osx-x86_64 | 5.3 | OK |
Version: 5.3
Check: whether package can be installed
Result: ERROR
Installation failed.
Flavor: r-devel-windows-ix86+x86_64