Last updated on 2020-02-15 01:01:18 CET.
Flavor | Version | Tinstall | Tcheck | Ttotal | Status | Flags |
---|---|---|---|---|---|---|
r-devel-linux-x86_64-debian-clang | 0.2.4 | 2.05 | 20.70 | 22.75 | OK | |
r-devel-linux-x86_64-debian-gcc | 0.2.4 | 1.54 | 16.53 | 18.07 | OK | |
r-devel-linux-x86_64-fedora-clang | 0.2.4 | 28.46 | NOTE | |||
r-devel-linux-x86_64-fedora-gcc | 0.2.4 | 27.42 | NOTE | |||
r-devel-windows-ix86+x86_64 | 0.2.4 | 5.00 | 34.00 | 39.00 | OK | |
r-devel-windows-ix86+x86_64-gcc8 | 0.2.4 | 7.00 | 48.00 | 55.00 | OK | |
r-patched-linux-x86_64 | 0.2.4 | 1.47 | 18.93 | 20.40 | OK | |
r-patched-solaris-x86 | 0.2.4 | 39.10 | NOTE | |||
r-release-linux-x86_64 | 0.2.4 | 1.68 | 18.81 | 20.49 | OK | |
r-release-windows-ix86+x86_64 | 0.2.4 | 4.00 | 32.00 | 36.00 | OK | |
r-release-osx-x86_64 | 0.2.4 | NOTE | ||||
r-oldrel-windows-ix86+x86_64 | 0.2.4 | 3.00 | 47.00 | 50.00 | OK | |
r-oldrel-osx-x86_64 | 0.2.4 | NOTE |
Version: 0.2.4
Check: dependencies in R code
Result: NOTE
Namespace in Imports field not imported from: ‘pls’
All declared Imports should be used.
Flavors: r-devel-linux-x86_64-fedora-clang, r-devel-linux-x86_64-fedora-gcc, r-patched-solaris-x86, r-release-osx-x86_64, r-oldrel-osx-x86_64