CRAN Package Check Results for Package apollo

Last updated on 2020-02-15 01:01:18 CET.

Flavor Version Tinstall Tcheck Ttotal Status Flags
r-devel-linux-x86_64-debian-clang 0.0.9 57.41 142.86 200.27 NOTE
r-devel-linux-x86_64-debian-gcc 0.0.9 43.54 109.23 152.77 NOTE
r-devel-linux-x86_64-fedora-clang 0.0.9 267.98 OK
r-devel-linux-x86_64-fedora-gcc 0.0.9 256.52 OK
r-devel-windows-ix86+x86_64 0.0.9 103.00 183.00 286.00 OK
r-devel-windows-ix86+x86_64-gcc8 0.0.9 158.00 240.00 398.00 OK
r-patched-linux-x86_64 0.0.9 49.30 125.48 174.78 NOTE
r-patched-solaris-x86 0.0.9 287.60 OK
r-release-linux-x86_64 0.0.9 46.19 122.79 168.98 NOTE
r-release-windows-ix86+x86_64 0.0.9 94.00 158.00 252.00 OK
r-release-osx-x86_64 0.0.9 OK
r-oldrel-windows-ix86+x86_64 0.0.9 85.00 220.00 305.00 OK
r-oldrel-osx-x86_64 0.0.9 OK

Check Details

Version: 0.0.9
Check: R code for possible problems
Result: NOTE
    Found the following calls to attach():
    File 'apollo/R/apollo_attach.R':
     attach(as.list(apollo_beta))
     attach(database)
     attach(draws)
     attach(randcoeff)
     attach(lcpars)
    See section 'Good practice' in '?attach'.
Flavors: r-devel-linux-x86_64-debian-clang, r-devel-linux-x86_64-debian-gcc, r-patched-linux-x86_64, r-release-linux-x86_64