Last updated on 2020-02-15 01:01:18 CET.
Flavor | Version | Tinstall | Tcheck | Ttotal | Status | Flags |
---|---|---|---|---|---|---|
r-devel-linux-x86_64-debian-clang | 2.5 | 14.02 | 119.81 | 133.83 | OK | |
r-devel-linux-x86_64-debian-gcc | 2.5 | 12.88 | 90.83 | 103.71 | OK | |
r-devel-linux-x86_64-fedora-clang | 2.5 | 163.12 | OK | |||
r-devel-linux-x86_64-fedora-gcc | 2.5 | 158.13 | OK | |||
r-devel-windows-ix86+x86_64 | 2.5 | 32.00 | 141.00 | 173.00 | OK | |
r-devel-windows-ix86+x86_64-gcc8 | 2.5 | 46.00 | 176.00 | 222.00 | OK | |
r-patched-linux-x86_64 | 2.5 | 13.27 | 101.41 | 114.68 | OK | |
r-patched-solaris-x86 | 2.5 | 219.70 | OK | |||
r-release-linux-x86_64 | 2.5 | 11.89 | 100.37 | 112.26 | OK | |
r-release-windows-ix86+x86_64 | 2.5 | 27.00 | 122.00 | 149.00 | OK | |
r-release-osx-x86_64 | 2.5 | NOTE | ||||
r-oldrel-windows-ix86+x86_64 | 2.5 | 15.00 | 119.00 | 134.00 | OK | |
r-oldrel-osx-x86_64 | 2.5 | NOTE |
Version: 2.5
Check: package dependencies
Result: NOTE
Packages suggested but not available for checking:
'RGtk2', 'gWidgetsRGtk2', 'cairoDevice'
Flavor: r-release-osx-x86_64
Version: 2.5
Check: package dependencies
Result: NOTE
Packages suggested but not available for checking:
‘RGtk2’ ‘gWidgetsRGtk2’ ‘cairoDevice’
Flavor: r-oldrel-osx-x86_64