CRAN Package Check Results for Package arc

Last updated on 2020-02-15 01:01:18 CET.

Flavor Version Tinstall Tcheck Ttotal Status Flags
r-devel-linux-x86_64-debian-clang 1.2 9.30 82.47 91.77 OK
r-devel-linux-x86_64-debian-gcc 1.2 7.56 64.02 71.58 OK
r-devel-linux-x86_64-fedora-clang 1.2 109.81 OK
r-devel-linux-x86_64-fedora-gcc 1.2 109.52 OK
r-devel-windows-ix86+x86_64 1.2 18.00 93.00 111.00 OK
r-devel-windows-ix86+x86_64-gcc8 1.2 25.00 120.00 145.00 OK
r-patched-linux-x86_64 1.2 6.81 71.00 77.81 OK
r-patched-solaris-x86 1.2 155.20 NOTE
r-release-linux-x86_64 1.2 6.96 71.11 78.07 OK
r-release-windows-ix86+x86_64 1.2 15.00 84.00 99.00 OK
r-release-osx-x86_64 1.2 OK
r-oldrel-windows-ix86+x86_64 1.2 9.00 113.00 122.00 OK
r-oldrel-osx-x86_64 1.2 OK

Check Details

Version: 1.2
Check: package dependencies
Result: NOTE
    Package suggested but not available for checking: ‘qCBA’
Flavor: r-patched-solaris-x86