CRAN Package Check Results for Package aroma.affymetrix

Last updated on 2020-02-15 01:01:18 CET.

Flavor Version Tinstall Tcheck Ttotal Status Flags
r-devel-linux-x86_64-debian-clang 3.2.0 57.87 285.73 343.60 OK
r-devel-linux-x86_64-debian-gcc 3.2.0 45.34 206.27 251.61 OK
r-devel-linux-x86_64-fedora-clang 3.2.0 407.11 NOTE
r-devel-linux-x86_64-fedora-gcc 3.2.0 359.86 OK
r-devel-windows-ix86+x86_64 3.2.0 87.00 277.00 364.00 NOTE
r-devel-windows-ix86+x86_64-gcc8 3.2.0 113.00 350.00 463.00 NOTE
r-patched-linux-x86_64 3.2.0 49.60 247.57 297.17 OK
r-patched-solaris-x86 3.2.0 454.90 NOTE
r-release-linux-x86_64 3.2.0 48.98 248.67 297.65 OK
r-release-windows-ix86+x86_64 3.2.0 71.00 240.00 311.00 NOTE
r-release-osx-x86_64 3.2.0 NOTE
r-oldrel-windows-ix86+x86_64 3.2.0 60.00 238.00 298.00 NOTE
r-oldrel-osx-x86_64 3.2.0 NOTE

Check Details

Version: 3.2.0
Check: installed package size
Result: NOTE
     installed size is 5.8Mb
     sub-directories of 1Mb or more:
     R 2.3Mb
     help 1.1Mb
     testScripts 1.3Mb
Flavors: r-devel-linux-x86_64-fedora-clang, r-devel-windows-ix86+x86_64, r-devel-windows-ix86+x86_64-gcc8, r-patched-solaris-x86, r-release-windows-ix86+x86_64, r-release-osx-x86_64, r-oldrel-windows-ix86+x86_64, r-oldrel-osx-x86_64

Version: 3.2.0
Check: package dependencies
Result: NOTE
    Package suggested but not available for checking: ‘AffymetrixDataTestFiles’
Flavors: r-release-osx-x86_64, r-oldrel-osx-x86_64