Last updated on 2020-02-15 01:01:18 CET.
Flavor | Version | Tinstall | Tcheck | Ttotal | Status | Flags |
---|---|---|---|---|---|---|
r-devel-linux-x86_64-debian-clang | 2.0.2 | 14.07 | 119.15 | 133.22 | OK | |
r-devel-linux-x86_64-debian-gcc | 2.0.2 | 12.30 | 87.77 | 100.07 | OK | |
r-devel-linux-x86_64-fedora-clang | 2.0.2 | 162.12 | WARN | |||
r-devel-linux-x86_64-fedora-gcc | 2.0.2 | 154.84 | OK | |||
r-devel-windows-ix86+x86_64 | 2.0.2 | 40.00 | 143.00 | 183.00 | OK | |
r-devel-windows-ix86+x86_64-gcc8 | 2.0.2 | 61.00 | 204.00 | 265.00 | OK | |
r-patched-linux-x86_64 | 2.0.2 | 10.84 | 102.41 | 113.25 | OK | |
r-patched-solaris-x86 | 2.0.2 | 220.20 | OK | |||
r-release-linux-x86_64 | 2.0.2 | 9.10 | 101.80 | 110.90 | OK | |
r-release-windows-ix86+x86_64 | 2.0.2 | 31.00 | 127.00 | 158.00 | OK | |
r-release-osx-x86_64 | 2.0.2 | OK | ||||
r-oldrel-windows-ix86+x86_64 | 2.0.2 | 23.00 | 129.00 | 152.00 | OK | |
r-oldrel-osx-x86_64 | 2.0.2 | OK |
Version: 2.0.2
Check: package dependencies
Result: WARN
Requires orphaned package: ‘gplots’
Flavor: r-devel-linux-x86_64-fedora-clang